CRAN Package Check Results for Package legco

Last updated on 2020-09-30 21:49:21 CEST.

Flavor Version Tinstall Tcheck Ttotal Status Flags
r-devel-linux-x86_64-debian-clang 0.1.3 6.93 50.26 57.19 OK
r-devel-linux-x86_64-debian-gcc 0.1.3 4.79 39.60 44.39 OK
r-devel-linux-x86_64-fedora-clang 0.1.3 75.34 NOTE
r-devel-linux-x86_64-fedora-gcc 0.1.3 67.58 NOTE
r-devel-windows-ix86+x86_64 0.1.3 9.00 139.00 148.00 OK
r-patched-linux-x86_64 0.1.3 6.05 49.35 55.40 OK
r-patched-solaris-x86 0.1.3 95.90 NOTE
r-release-linux-x86_64 0.1.3 6.62 48.66 55.28 OK
r-release-macos-x86_64 0.1.3 NOTE
r-release-windows-ix86+x86_64 0.1.3 9.00 155.00 164.00 OK
r-oldrel-macos-x86_64 0.1.3 NOTE
r-oldrel-windows-ix86+x86_64 0.1.3 7.00 153.00 160.00 OK

Check Details

Version: 0.1.3
Check: data for non-ASCII characters
Result: NOTE
     Note: found 51 marked UTF-8 strings
Flavors: r-devel-linux-x86_64-fedora-clang, r-devel-linux-x86_64-fedora-gcc, r-patched-solaris-x86, r-release-macos-x86_64, r-oldrel-macos-x86_64