CRAN Package Check Results for Package lehdr

Last updated on 2022-07-03 09:52:48 CEST.

Flavor Version Tinstall Tcheck Ttotal Status Flags
r-devel-linux-x86_64-debian-clang 1.0.1 6.07 164.85 170.92 OK
r-devel-linux-x86_64-debian-gcc 1.0.1 4.27 126.72 130.99 OK
r-devel-linux-x86_64-fedora-clang 1.0.1 209.52 NOTE
r-devel-linux-x86_64-fedora-gcc 1.0.1 211.98 NOTE
r-devel-windows-x86_64 1.0.1 11.00 264.00 275.00 OK
r-patched-linux-x86_64 1.0.1 5.45 159.88 165.33 OK
r-release-linux-x86_64 1.0.1 5.83 159.66 165.49 OK
r-release-macos-arm64 1.0.1 258.00 NOTE
r-release-macos-x86_64 1.0.1 336.00 NOTE
r-release-windows-x86_64 1.0.1 14.00 275.00 289.00 OK
r-oldrel-macos-arm64 1.0.1 246.00 NOTE
r-oldrel-macos-x86_64 1.0.1 277.00 NOTE
r-oldrel-windows-ix86+x86_64 1.0.1 15.00 284.00 299.00 OK

Check Details

Version: 1.0.1
Check: dependencies in R code
Result: NOTE
    Namespace in Imports field not imported from: ‘rlang’
     All declared Imports should be used.
Flavors: r-devel-linux-x86_64-fedora-clang, r-devel-linux-x86_64-fedora-gcc, r-release-macos-arm64, r-release-macos-x86_64, r-oldrel-macos-arm64, r-oldrel-macos-x86_64