Last updated on 2025-01-18 21:48:25 CET.
Flavor | Version | Tinstall | Tcheck | Ttotal | Status | Flags |
---|---|---|---|---|---|---|
r-devel-linux-x86_64-debian-clang | 1.1.4 | 185.96 | 80.76 | 266.72 | OK | |
r-devel-linux-x86_64-debian-gcc | 1.1.4 | 138.62 | 59.65 | 198.27 | OK | |
r-devel-windows-x86_64 | 1.1.4 | 324.00 | 112.00 | 436.00 | OK | |
r-patched-linux-x86_64 | 1.1.4 | 197.76 | 75.54 | 273.30 | NOTE | |
r-release-linux-x86_64 | 1.1.4 | 199.65 | 76.81 | 276.46 | NOTE | |
r-release-macos-arm64 | 1.1.4 | 112.00 | NOTE | |||
r-release-macos-x86_64 | 1.1.4 | 125.00 | NOTE | |||
r-release-windows-x86_64 | 1.1.4 | 324.00 | 115.00 | 439.00 | NOTE | |
r-oldrel-macos-arm64 | 1.1.4 | 114.00 | NOTE | |||
r-oldrel-macos-x86_64 | 1.1.4 | 119.00 | NOTE | |||
r-oldrel-windows-x86_64 | 1.1.4 | 331.00 | 135.00 | 466.00 | NOTE |
Version: 1.1.4
Check: for GNU extensions in Makefiles
Result: NOTE
GNU make is a SystemRequirements.
Flavors: r-patched-linux-x86_64, r-release-linux-x86_64, r-release-macos-arm64, r-release-macos-x86_64, r-release-windows-x86_64, r-oldrel-macos-arm64, r-oldrel-macos-x86_64, r-oldrel-windows-x86_64