Last updated on 2022-07-01 16:51:38 CEST.
Flavor | Version | Tinstall | Tcheck | Ttotal | Status | Flags |
---|---|---|---|---|---|---|
r-devel-linux-x86_64-debian-clang | 0.1.11 | 221.46 | 40.10 | 261.56 | OK | |
r-devel-linux-x86_64-debian-gcc | 0.1.11 | 177.99 | 31.18 | 209.17 | OK | |
r-devel-linux-x86_64-fedora-clang | 0.1.11 | 402.99 | NOTE | |||
r-devel-linux-x86_64-fedora-gcc | 0.1.11 | 344.16 | OK | |||
r-devel-windows-x86_64 | 0.1.11 | 886.00 | 111.00 | 997.00 | OK | |
r-patched-linux-x86_64 | 0.1.11 | 181.53 | 39.22 | 220.75 | OK | |
r-release-linux-x86_64 | 0.1.11 | 184.30 | 39.38 | 223.68 | OK | |
r-release-macos-arm64 | 0.1.11 | 132.00 | NOTE | |||
r-release-macos-x86_64 | 0.1.11 | 154.00 | NOTE | |||
r-release-windows-x86_64 | 0.1.11 | 960.00 | 112.00 | 1072.00 | OK | |
r-oldrel-macos-arm64 | 0.1.11 | 121.00 | NOTE | |||
r-oldrel-macos-x86_64 | 0.1.11 | 153.00 | NOTE | |||
r-oldrel-windows-ix86+x86_64 | 0.1.11 | 472.00 | 78.00 | 550.00 | OK |
Version: 0.1.11
Check: installed package size
Result: NOTE
installed size is 12.3Mb
sub-directories of 1Mb or more:
libs 11.9Mb
Flavors: r-devel-linux-x86_64-fedora-clang, r-release-macos-arm64, r-release-macos-x86_64, r-oldrel-macos-arm64, r-oldrel-macos-x86_64