CRAN Package Check Results for Package lemon

Last updated on 2022-01-22 17:49:23 CET.

Flavor Version Tinstall Tcheck Ttotal Status Flags
r-devel-linux-x86_64-debian-clang 0.4.5 11.75 216.49 228.24 NOTE
r-devel-linux-x86_64-debian-gcc 0.4.5 10.04 157.81 167.85 NOTE
r-devel-linux-x86_64-fedora-clang 0.4.5 261.37 NOTE
r-devel-linux-x86_64-fedora-gcc 0.4.5 246.83 NOTE
r-devel-windows-x86_64-new-UL 0.4.5 64.00 339.00 403.00 NOTE
r-devel-windows-x86_64-new-TK 0.4.5 NOTE
r-patched-linux-x86_64 0.4.5 15.94 178.56 194.50 NOTE
r-release-linux-x86_64 0.4.5 8.92 176.66 185.58 NOTE
r-release-macos-arm64 0.4.5 NOTE
r-release-macos-x86_64 0.4.5 NOTE
r-release-windows-ix86+x86_64 0.4.5 25.00 214.00 239.00 NOTE
r-oldrel-macos-x86_64 0.4.5 OK
r-oldrel-windows-ix86+x86_64 0.4.5 24.00 210.00 234.00 OK

Check Details

Version: 0.4.5
Check: LazyData
Result: NOTE
     'LazyData' is specified without a 'data' directory
Flavors: r-devel-linux-x86_64-debian-clang, r-devel-linux-x86_64-debian-gcc, r-devel-linux-x86_64-fedora-clang, r-devel-linux-x86_64-fedora-gcc, r-devel-windows-x86_64-new-UL, r-devel-windows-x86_64-new-TK, r-patched-linux-x86_64, r-release-linux-x86_64, r-release-macos-arm64, r-release-macos-x86_64, r-release-windows-ix86+x86_64