CRAN Package Check Results for Package lenses

Last updated on 2021-10-20 01:48:47 CEST.

Flavor Version Tinstall Tcheck Ttotal Status Flags
r-devel-linux-x86_64-debian-clang 0.0.3 2.76 26.46 29.22 NOTE
r-devel-linux-x86_64-debian-gcc 0.0.3 2.46 20.31 22.77 NOTE
r-devel-linux-x86_64-fedora-clang 0.0.3 46.37 NOTE
r-devel-linux-x86_64-fedora-gcc 0.0.3 35.46 NOTE
r-devel-windows-x86_64 0.0.3 6.00 43.00 49.00 NOTE
r-devel-windows-x86_64-gcc10-UCRT 0.0.3 NOTE
r-patched-linux-x86_64 0.0.3 3.72 25.13 28.85 NOTE
r-patched-solaris-x86 0.0.3 52.80 NOTE
r-release-linux-x86_64 0.0.3 3.08 25.67 28.75 NOTE
r-release-macos-arm64 0.0.3 NOTE
r-release-macos-x86_64 0.0.3 NOTE
r-release-windows-ix86+x86_64 0.0.3 5.00 43.00 48.00 NOTE
r-oldrel-macos-x86_64 0.0.3 OK
r-oldrel-windows-ix86+x86_64 0.0.3 6.00 55.00 61.00 OK

Check Details

Version: 0.0.3
Check: LazyData
Result: NOTE
     'LazyData' is specified without a 'data' directory
Flavors: r-devel-linux-x86_64-debian-clang, r-devel-linux-x86_64-debian-gcc, r-devel-linux-x86_64-fedora-clang, r-devel-linux-x86_64-fedora-gcc, r-devel-windows-x86_64, r-devel-windows-x86_64-gcc10-UCRT, r-patched-linux-x86_64, r-patched-solaris-x86, r-release-linux-x86_64, r-release-macos-arm64, r-release-macos-x86_64, r-release-windows-ix86+x86_64

Version: 0.0.3
Check: Rd cross-references
Result: NOTE
    Undeclared packages ‘purrr’, ‘dplyr’ in Rd xrefs
Flavor: r-devel-linux-x86_64-fedora-clang