Last updated on 2023-01-30 18:50:48 CET.
Flavor | Version | Tinstall | Tcheck | Ttotal | Status | Flags |
---|---|---|---|---|---|---|
r-devel-linux-x86_64-debian-clang | 0.0.1 | 2.23 | 35.44 | 37.67 | NOTE | |
r-devel-linux-x86_64-debian-gcc | 0.0.1 | 1.77 | 27.58 | 29.35 | NOTE | |
r-devel-linux-x86_64-fedora-clang | 0.0.1 | 47.49 | NOTE | |||
r-devel-linux-x86_64-fedora-gcc | 0.0.1 | 58.41 | NOTE | |||
r-devel-windows-x86_64 | 0.0.1 | 11.00 | 63.00 | 74.00 | NOTE | |
r-patched-linux-x86_64 | 0.0.1 | 2.32 | 35.50 | 37.82 | NOTE | |
r-release-linux-x86_64 | 0.0.1 | 1.99 | 36.15 | 38.14 | NOTE | |
r-release-macos-arm64 | 0.0.1 | 19.00 | NOTE | |||
r-release-macos-x86_64 | 0.0.1 | 25.00 | NOTE | |||
r-release-windows-x86_64 | 0.0.1 | 8.00 | 69.00 | 77.00 | NOTE | |
r-oldrel-macos-arm64 | 0.0.1 | 20.00 | NOTE | |||
r-oldrel-macos-x86_64 | 0.0.1 | 32.00 | NOTE | |||
r-oldrel-windows-ix86+x86_64 | 0.0.1 | 5.00 | 68.00 | 73.00 | NOTE |
Version: 0.0.1
Check: LazyData
Result: NOTE
'LazyData' is specified without a 'data' directory
Flavors: r-devel-linux-x86_64-debian-clang, r-devel-linux-x86_64-debian-gcc, r-devel-linux-x86_64-fedora-clang, r-devel-linux-x86_64-fedora-gcc, r-devel-windows-x86_64, r-patched-linux-x86_64, r-release-linux-x86_64, r-release-macos-arm64, r-release-macos-x86_64, r-release-windows-x86_64, r-oldrel-macos-arm64, r-oldrel-macos-x86_64, r-oldrel-windows-ix86+x86_64