CRAN Package Check Results for Package lero.lero

Last updated on 2022-08-17 14:50:15 CEST.

Flavor Version Tinstall Tcheck Ttotal Status Flags
r-devel-linux-x86_64-debian-clang 0.2 1.85 19.61 21.46 NOTE
r-devel-linux-x86_64-debian-gcc 0.2 NOTE
r-devel-linux-x86_64-fedora-clang 0.2 37.61 NOTE
r-devel-linux-x86_64-fedora-gcc 0.2 37.05 NOTE
r-devel-windows-x86_64 0.2 10.00 40.00 50.00 NOTE
r-patched-linux-x86_64 0.2 1.63 19.30 20.93 NOTE
r-release-linux-x86_64 0.2 1.64 19.30 20.94 NOTE
r-release-macos-arm64 0.2 15.00 NOTE
r-release-macos-x86_64 0.2 19.00 NOTE
r-release-windows-x86_64 0.2 5.00 40.00 45.00 NOTE
r-oldrel-macos-arm64 0.2 16.00 NOTE
r-oldrel-macos-x86_64 0.2 22.00 NOTE
r-oldrel-windows-ix86+x86_64 0.2 5.00 23.00 28.00 NOTE

Check Details

Version: 0.2
Check: LazyData
Result: NOTE
     'LazyData' is specified without a 'data' directory
Flavors: r-devel-linux-x86_64-debian-clang, r-devel-linux-x86_64-debian-gcc, r-devel-linux-x86_64-fedora-clang, r-devel-linux-x86_64-fedora-gcc, r-devel-windows-x86_64, r-patched-linux-x86_64, r-release-linux-x86_64, r-release-macos-arm64, r-release-macos-x86_64, r-release-windows-x86_64, r-oldrel-macos-arm64, r-oldrel-macos-x86_64, r-oldrel-windows-ix86+x86_64