Last updated on 2023-12-05 04:08:16 CET.
Flavor | Version | Tinstall | Tcheck | Ttotal | Status | Flags |
---|---|---|---|---|---|---|
r-devel-linux-x86_64-debian-clang | 0.1.0 | 38.28 | 156.75 | 195.03 | OK | |
r-devel-linux-x86_64-debian-gcc | 0.1.0 | 29.05 | 113.87 | 142.92 | OK | |
r-devel-linux-x86_64-fedora-clang | 0.1.0 | 237.99 | NOTE | |||
r-devel-linux-x86_64-fedora-gcc | 0.1.0 | 228.13 | NOTE | |||
r-devel-windows-x86_64 | 0.1.0 | 29.00 | 128.00 | 157.00 | OK | |
r-patched-linux-x86_64 | 0.1.0 | 25.43 | 144.68 | 170.11 | OK | |
r-release-linux-x86_64 | 0.1.0 | 24.49 | 146.67 | 171.16 | OK | |
r-release-macos-arm64 | 0.1.0 | 68.00 | OK | |||
r-release-macos-x86_64 | 0.1.0 | 113.00 | OK | |||
r-release-windows-x86_64 | 0.1.0 | 40.00 | 162.00 | 202.00 | OK | |
r-oldrel-macos-arm64 | 0.1.0 | 57.00 | NOTE | |||
r-oldrel-macos-x86_64 | 0.1.0 | 87.00 | NOTE | |||
r-oldrel-windows-x86_64 | 0.1.0 | 41.00 | 152.00 | 193.00 | OK |
Version: 0.1.0
Check: dependencies in R code
Result: NOTE
Namespace in Imports field not imported from: ‘R6’
All declared Imports should be used.
Flavors: r-devel-linux-x86_64-fedora-clang, r-devel-linux-x86_64-fedora-gcc, r-oldrel-macos-arm64, r-oldrel-macos-x86_64