CRAN Package Check Results for Package lexiconPT

Last updated on 2022-08-10 21:53:45 CEST.

Flavor Version Tinstall Tcheck Ttotal Status Flags
r-devel-linux-x86_64-debian-clang 0.1.0 2.80 21.65 24.45 OK
r-devel-linux-x86_64-debian-gcc 0.1.0 2.13 17.16 19.29 OK
r-devel-linux-x86_64-fedora-clang 0.1.0 40.97 NOTE
r-devel-linux-x86_64-fedora-gcc 0.1.0 39.65 NOTE
r-devel-windows-x86_64 0.1.0 17.00 42.00 59.00 OK
r-patched-linux-x86_64 0.1.0 2.01 21.46 23.47 OK
r-release-linux-x86_64 0.1.0 OK
r-release-macos-arm64 0.1.0 17.00 NOTE
r-release-macos-x86_64 0.1.0 20.00 NOTE
r-release-windows-x86_64 0.1.0 7.00 44.00 51.00 OK
r-oldrel-macos-arm64 0.1.0 17.00 NOTE
r-oldrel-macos-x86_64 0.1.0 25.00 NOTE
r-oldrel-windows-ix86+x86_64 0.1.0 6.00 25.00 31.00 OK

Check Details

Version: 0.1.0
Check: data for non-ASCII characters
Result: NOTE
     Note: found 3 marked UTF-8 strings
Flavors: r-devel-linux-x86_64-fedora-clang, r-devel-linux-x86_64-fedora-gcc, r-release-macos-arm64, r-release-macos-x86_64, r-oldrel-macos-arm64, r-oldrel-macos-x86_64