CRAN Package Check Results for Package lfe

Last updated on 2021-04-17 09:50:04 CEST.

Flavor Version Tinstall Tcheck Ttotal Status Flags
r-devel-linux-x86_64-debian-clang 2.8-6 20.52 234.09 254.61 OK
r-devel-linux-x86_64-debian-gcc 2.8-6 14.39 183.23 197.62 OK
r-devel-linux-x86_64-fedora-clang 2.8-6 321.41 OK
r-devel-linux-x86_64-fedora-gcc 2.8-6 305.68 OK
r-devel-windows-ix86+x86_64 2.8-6 52.00 348.00 400.00 ERROR
r-devel-windows-x86_64-gcc10-UCRT 2.8-6 OK
r-patched-linux-x86_64 2.8-6 17.52 222.61 240.13 OK
r-patched-solaris-x86 2.8-6 342.90 NOTE --no-vignettes
r-release-linux-x86_64 2.8-6 16.38 226.39 242.77 OK
r-release-macos-x86_64 2.8-6 OK
r-release-windows-ix86+x86_64 2.8-6 43.00 392.00 435.00 OK
r-oldrel-macos-x86_64 2.8-6 OK
r-oldrel-windows-ix86+x86_64 2.8-6 33.00 364.00 397.00 OK

Check Details

Version: 2.8-6
Check: re-building of vignette outputs
Result: WARN
    Error(s) in re-building vignettes:
    --- re-building 'biascorrection.Rnw' using knitr
    --- finished re-building 'biascorrection.Rnw'
    
    --- re-building 'identification.Rnw' using knitr
    Warning in system(paste(shQuote(texi2dvi), if (quiet) "--quiet" else "", :
     running command '"D:\compiler\texmf\miktex\bin\texify.exe" --quiet --pdf "identification.tex" --max-iterations=20 -I "D:/RCompile/recent/R/share/texmf/tex/latex" -I "D:/RCompile/recent/R/share/texmf/bibtex/bst"' had status 1
    Error: processing vignette 'identification.Rnw' failed with diagnostics:
    running 'texi2dvi' on 'identification.tex' failed
    
    LaTeX errors:
    !pdfTeX error: pdflatex.EXE: fwrite() failed
     ==> Fatal error occurred, no output PDF file produced!
    
    --- failed re-building 'identification.Rnw'
    
    --- re-building 'lfehow.Rnw' using knitr
    Warning in system(paste(shQuote(texi2dvi), if (quiet) "--quiet" else "", :
     running command '"D:\compiler\texmf\miktex\bin\texify.exe" --quiet --pdf "lfehow.tex" --max-iterations=20 -I "D:/RCompile/recent/R/share/texmf/tex/latex" -I "D:/RCompile/recent/R/share/texmf/bibtex/bst"' had status 1
    --- failed re-building 'lfehow.Rnw'
    
    Error in readRDS(ser_engine) : error reading from connection
    Calls: <Anonymous> -> readRDS
    Execution halted
    SUMMARY: processing the following files failed:
     'identification.Rnw' 'lfehow.Rnw' 'speed.Rnw'
    
    Error: Vignette re-building failed.
    Execution halted
Flavor: r-devel-windows-ix86+x86_64

Version: 2.8-6
Check: PDF version of manual
Result: ERROR
    Rd conversion errors:
    Error in writeLines(x, con, useBytes = TRUE, ...) :
     Error writing to connection: No space left on device
Flavor: r-devel-windows-ix86+x86_64

Version: 2.8-6
Flags: --no-vignettes
Check: compilation flags used
Result: NOTE
    Compilation used the following non-portable flag(s):
     ‘-mt’
Flavor: r-patched-solaris-x86