CRAN Package Check Results for Package lfe

Last updated on 2019-07-17 18:48:04 CEST.

Flavor Version Tinstall Tcheck Ttotal Status Flags
r-devel-linux-x86_64-debian-clang 2.8-3 20.21 207.70 227.91 OK
r-devel-linux-x86_64-debian-gcc 2.8-3 12.67 169.14 181.81 OK
r-devel-linux-x86_64-fedora-clang 2.8-3 279.07 OK
r-devel-linux-x86_64-fedora-gcc 2.8-3 274.06 OK
r-devel-windows-ix86+x86_64 2.8-3 52.00 290.00 342.00 OK
r-patched-linux-x86_64 2.8-3 15.74 208.35 224.09 OK
r-patched-solaris-x86 2.8-3 322.90 NOTE --no-vignettes
r-release-linux-x86_64 2.8-3 17.15 208.11 225.26 OK
r-release-windows-ix86+x86_64 2.8-3 35.00 431.00 466.00 OK
r-release-osx-x86_64 2.8-3 OK
r-oldrel-windows-ix86+x86_64 2.8-3 31.00 376.00 407.00 OK
r-oldrel-osx-x86_64 2.8-3 OK

Check Details

Version: 2.8-3
Flags: --no-vignettes
Check: compilation flags used
Result: NOTE
    Compilation used the following non-portable flag(s):
     ‘-mt’
Flavor: r-patched-solaris-x86