CRAN Package Check Results for Package lfe

Last updated on 2019-10-18 18:47:55 CEST.

Flavor Version Tinstall Tcheck Ttotal Status Flags
r-devel-linux-x86_64-debian-clang 2.8-3 18.87 203.11 221.98 OK
r-devel-linux-x86_64-debian-gcc 2.8-3 12.10 164.77 176.87 OK
r-devel-linux-x86_64-fedora-clang 2.8-3 279.03 NOTE
r-devel-linux-x86_64-fedora-gcc 2.8-3 273.16 NOTE
r-devel-windows-ix86+x86_64 2.8-3 59.00 396.00 455.00 OK
r-patched-linux-x86_64 2.8-3 14.89 204.47 219.36 OK
r-patched-solaris-x86 2.8-3 293.60 NOTE --no-vignettes
r-release-linux-x86_64 2.8-3 18.25 206.44 224.69 OK
r-release-windows-ix86+x86_64 2.8-3 35.00 410.00 445.00 OK
r-release-osx-x86_64 2.8-3 OK
r-oldrel-windows-ix86+x86_64 2.8-3 32.00 257.00 289.00 OK
r-oldrel-osx-x86_64 2.8-3 OK

Check Details

Version: 2.8-3
Check: top-level files
Result: NOTE
    ‘cleanup’: /bin/bash is not portable
Flavors: r-devel-linux-x86_64-fedora-clang, r-devel-linux-x86_64-fedora-gcc

Version: 2.8-3
Flags: --no-vignettes
Check: compilation flags used
Result: NOTE
    Compilation used the following non-portable flag(s):
     ‘-mt’
Flavor: r-patched-solaris-x86