CRAN Package Check Results for Package lfmm

Last updated on 2020-08-10 18:48:14 CEST.

Flavor Version Tinstall Tcheck Ttotal Status Flags
r-devel-linux-x86_64-debian-clang 1.0 43.86 202.28 246.14 OK
r-devel-linux-x86_64-debian-gcc 1.0 33.58 146.63 180.21 OK
r-devel-linux-x86_64-fedora-clang 1.0 309.33 NOTE
r-devel-linux-x86_64-fedora-gcc 1.0 294.57 NOTE
r-devel-windows-ix86+x86_64 1.0 74.00 385.00 459.00 OK
r-patched-linux-x86_64 1.0 39.31 198.44 237.75 OK
r-patched-solaris-x86 1.0 626.10 NOTE
r-release-linux-x86_64 1.0 37.10 200.11 237.21 OK
r-release-macos-x86_64 1.0 NOTE
r-release-windows-ix86+x86_64 1.0 105.00 323.00 428.00 OK
r-oldrel-macos-x86_64 1.0 NOTE
r-oldrel-windows-ix86+x86_64 1.0 67.00 276.00 343.00 OK

Check Details

Version: 1.0
Check: installed package size
Result: NOTE
     installed size is 12.4Mb
     sub-directories of 1Mb or more:
     data 1.8Mb
     libs 10.0Mb
Flavors: r-devel-linux-x86_64-fedora-clang, r-release-macos-x86_64, r-oldrel-macos-x86_64

Version: 1.0
Check: dependencies in R code
Result: NOTE
    Namespaces in Imports field not imported from:
     ‘ggplot2’ ‘knitr’ ‘purrr’ ‘rmarkdown’
     All declared Imports should be used.
Flavors: r-devel-linux-x86_64-fedora-clang, r-devel-linux-x86_64-fedora-gcc, r-patched-solaris-x86, r-release-macos-x86_64, r-oldrel-macos-x86_64