CRAN Package Check Results for Package lg

Last updated on 2022-11-26 23:00:09 CET.

Flavor Version Tinstall Tcheck Ttotal Status Flags
r-devel-linux-x86_64-debian-clang 0.4.1 4.69 51.46 56.15 NOTE
r-devel-linux-x86_64-debian-gcc 0.4.1 3.77 38.08 41.85 NOTE
r-devel-linux-x86_64-fedora-clang 0.4.1 80.66 NOTE
r-devel-linux-x86_64-fedora-gcc 0.4.1 82.63 NOTE
r-devel-windows-x86_64 0.4.1 18.00 90.00 108.00 NOTE
r-patched-linux-x86_64 0.4.1 NOTE
r-release-linux-x86_64 0.4.1 4.71 46.91 51.62 NOTE
r-release-macos-arm64 0.4.1 20.00 NOTE
r-release-macos-x86_64 0.4.1 39.00 NOTE
r-release-windows-x86_64 0.4.1 17.00 75.00 92.00 NOTE
r-oldrel-macos-arm64 0.4.1 28.00 NOTE
r-oldrel-macos-x86_64 0.4.1 37.00 NOTE
r-oldrel-windows-ix86+x86_64 0.4.1 10.00 72.00 82.00 NOTE

Check Details

Version: 0.4.1
Check: LazyData
Result: NOTE
     'LazyData' is specified without a 'data' directory
Flavors: r-devel-linux-x86_64-debian-clang, r-devel-linux-x86_64-debian-gcc, r-devel-linux-x86_64-fedora-clang, r-devel-linux-x86_64-fedora-gcc, r-devel-windows-x86_64, r-patched-linux-x86_64, r-release-linux-x86_64, r-release-macos-arm64, r-release-macos-x86_64, r-release-windows-x86_64, r-oldrel-macos-arm64, r-oldrel-macos-x86_64, r-oldrel-windows-ix86+x86_64