CRAN Package Check Results for Package lgarch

Last updated on 2021-06-23 14:49:42 CEST.

Flavor Version Tinstall Tcheck Ttotal Status Flags
r-devel-linux-x86_64-debian-clang 0.6-2 5.13 36.19 41.32 OK
r-devel-linux-x86_64-debian-gcc 0.6-2 3.87 29.08 32.95 OK
r-devel-linux-x86_64-fedora-clang 0.6-2 59.42 NOTE
r-devel-linux-x86_64-fedora-gcc 0.6-2 49.43 NOTE
r-devel-windows-x86_64 0.6-2 8.00 42.00 50.00 OK
r-devel-windows-x86_64-gcc10-UCRT 0.6-2 OK
r-patched-linux-x86_64 0.6-2 7.66 34.90 42.56 OK
r-patched-solaris-x86 0.6-2 69.70 OK
r-release-linux-x86_64 0.6-2 4.66 34.55 39.21 OK
r-release-macos-arm64 0.6-2 OK
r-release-macos-x86_64 0.6-2 OK
r-release-windows-ix86+x86_64 0.6-2 10.00 65.00 75.00 OK
r-oldrel-macos-x86_64 0.6-2 OK

Check Details

Version: 0.6-2
Check: compiled code
Result: NOTE
    File ‘lgarch/libs/lgarch.so’:
     Found no calls to: ‘R_registerRoutines’, ‘R_useDynamicSymbols’
    
    It is good practice to register native routines and to disable symbol
    search.
    
    See ‘Writing portable packages’ in the ‘Writing R Extensions’ manual.
Flavors: r-devel-linux-x86_64-fedora-clang, r-devel-linux-x86_64-fedora-gcc