Last updated on 2021-03-01 08:48:04 CET.
Flavor | Version | Tinstall | Tcheck | Ttotal | Status | Flags |
---|---|---|---|---|---|---|
r-devel-linux-x86_64-debian-clang | 0.6-2 | OK | ||||
r-devel-linux-x86_64-debian-gcc | 0.6-2 | 3.82 | 28.83 | 32.65 | OK | |
r-devel-linux-x86_64-fedora-clang | 0.6-2 | 59.48 | NOTE | |||
r-devel-linux-x86_64-fedora-gcc | 0.6-2 | 48.91 | NOTE | |||
r-devel-windows-ix86+x86_64 | 0.6-2 | 7.00 | 51.00 | 58.00 | OK | |
r-patched-linux-x86_64 | 0.6-2 | 3.95 | 33.47 | 37.42 | OK | |
r-patched-solaris-x86 | 0.6-2 | 67.60 | OK | |||
r-release-linux-x86_64 | 0.6-2 | 4.14 | 33.93 | 38.07 | OK | |
r-release-macos-x86_64 | 0.6-2 | OK | ||||
r-release-windows-ix86+x86_64 | 0.6-2 | 33.00 | 4.00 | 37.00 | ERROR | |
r-oldrel-macos-x86_64 | 0.6-2 | OK | ||||
r-oldrel-windows-ix86+x86_64 | 0.6-2 | 7.00 | 57.00 | 64.00 | OK |
Version: 0.6-2
Check: compiled code
Result: NOTE
File ‘lgarch/libs/lgarch.so’:
Found no calls to: ‘R_registerRoutines’, ‘R_useDynamicSymbols’
It is good practice to register native routines and to disable symbol
search.
See ‘Writing portable packages’ in the ‘Writing R Extensions’ manual.
Flavors: r-devel-linux-x86_64-fedora-clang, r-devel-linux-x86_64-fedora-gcc
Version: 0.6-2
Check: whether package can be installed
Result: ERROR
Installation failed.
Flavor: r-release-windows-ix86+x86_64