Last updated on 2023-02-07 01:56:37 CET.
Flavor | Version | Tinstall | Tcheck | Ttotal | Status | Flags |
---|---|---|---|---|---|---|
r-devel-linux-x86_64-debian-clang | 0.1.1 | 1.73 | 41.98 | 43.71 | NOTE | |
r-devel-linux-x86_64-debian-gcc | 0.1.1 | 1.67 | 32.45 | 34.12 | NOTE | |
r-devel-linux-x86_64-fedora-clang | 0.1.1 | 56.36 | NOTE | |||
r-devel-linux-x86_64-fedora-gcc | 0.1.1 | 55.07 | NOTE | |||
r-devel-windows-x86_64 | 0.1.1 | 29.00 | 85.00 | 114.00 | NOTE | |
r-patched-linux-x86_64 | 0.1.1 | 2.43 | 39.47 | 41.90 | OK | |
r-release-linux-x86_64 | 0.1.1 | 1.75 | 39.90 | 41.65 | OK | |
r-release-macos-arm64 | 0.1.1 | 25.00 | OK | |||
r-release-macos-x86_64 | 0.1.1 | 33.00 | OK | |||
r-release-windows-x86_64 | 0.1.1 | 24.00 | 81.00 | 105.00 | OK | |
r-oldrel-macos-arm64 | 0.1.1 | 23.00 | OK | |||
r-oldrel-macos-x86_64 | 0.1.1 | 43.00 | OK | |||
r-oldrel-windows-ix86+x86_64 | 0.1.1 | 6.00 | 72.00 | 78.00 | OK |
Version: 0.1.1
Check: Rd files
Result: NOTE
checkRd: (-1) hydro.Rd:17: Escaped LaTeX specials: \&
Flavors: r-devel-linux-x86_64-debian-clang, r-devel-linux-x86_64-debian-gcc, r-devel-linux-x86_64-fedora-clang, r-devel-linux-x86_64-fedora-gcc, r-devel-windows-x86_64