CRAN Package Check Results for Package libbib

Last updated on 2021-09-24 10:50:08 CEST.

Flavor Version Tinstall Tcheck Ttotal Status Flags
r-devel-linux-x86_64-debian-clang 1.6.2 5.69 50.40 56.09 OK
r-devel-linux-x86_64-debian-gcc 1.6.2 4.03 37.72 41.75 OK
r-devel-linux-x86_64-fedora-clang 1.6.2 74.00 NOTE
r-devel-linux-x86_64-fedora-gcc 1.6.2 63.06 NOTE
r-devel-windows-x86_64 1.6.2 6.00 58.00 64.00 OK
r-devel-windows-x86_64-gcc10-UCRT 1.6.2 NOTE
r-patched-linux-x86_64 1.6.2 4.64 46.86 51.50 OK
r-patched-solaris-x86 1.6.2 88.60 NOTE
r-release-linux-x86_64 1.6.2 3.71 47.28 50.99 OK
r-release-macos-arm64 1.6.2 NOTE
r-release-macos-x86_64 1.6.2 NOTE
r-release-windows-ix86+x86_64 1.6.2 9.00 53.00 62.00 OK
r-oldrel-macos-x86_64 1.6.2 NOTE
r-oldrel-windows-ix86+x86_64 1.6.2 6.00 52.00 58.00 OK

Check Details

Version: 1.6.2
Check: data for non-ASCII characters
Result: NOTE
     Note: found 22 marked UTF-8 strings
Flavors: r-devel-linux-x86_64-fedora-clang, r-devel-linux-x86_64-fedora-gcc, r-devel-windows-x86_64-gcc10-UCRT, r-patched-solaris-x86, r-release-macos-arm64, r-release-macos-x86_64, r-oldrel-macos-x86_64