Last updated on 2022-06-28 11:49:47 CEST.
Flavor | Version | Tinstall | Tcheck | Ttotal | Status | Flags |
---|---|---|---|---|---|---|
r-devel-linux-x86_64-debian-clang | 3.10.0-1 | 666.88 | 24.88 | 691.76 | OK | |
r-devel-linux-x86_64-debian-gcc | 3.10.0-1 | 534.89 | 19.95 | 554.84 | OK | |
r-devel-linux-x86_64-fedora-clang | 3.10.0-1 | 1227.79 | NOTE | |||
r-devel-linux-x86_64-fedora-gcc | 3.10.0-1 | 909.60 | OK | |||
r-devel-windows-x86_64 | 3.10.0-1 | 1259.00 | 116.00 | 1375.00 | OK | |
r-patched-linux-x86_64 | 3.10.0-1 | 570.41 | 24.69 | 595.10 | OK | |
r-release-linux-x86_64 | 3.10.0-1 | 556.79 | 24.84 | 581.63 | OK | |
r-release-macos-arm64 | 3.10.0-1 | 238.00 | NOTE | |||
r-release-macos-x86_64 | 3.10.0-1 | 309.00 | NOTE | |||
r-release-windows-x86_64 | 3.10.0-1 | 1434.00 | 113.00 | 1547.00 | OK | |
r-oldrel-macos-arm64 | 3.10.0-1 | 230.00 | NOTE | |||
r-oldrel-macos-x86_64 | 3.10.0-1 | 318.00 | NOTE | |||
r-oldrel-windows-ix86+x86_64 | 3.10.0-1 | 1539.00 | 98.00 | 1637.00 | NOTE |
Version: 3.10.0-1
Check: installed package size
Result: NOTE
installed size is 31.2Mb
sub-directories of 1Mb or more:
libs 31.0Mb
Flavors: r-devel-linux-x86_64-fedora-clang, r-release-macos-arm64, r-release-macos-x86_64, r-oldrel-macos-arm64, r-oldrel-macos-x86_64, r-oldrel-windows-ix86+x86_64