CRAN Package Check Results for Package libgeos

Last updated on 2022-11-27 12:55:20 CET.

Flavor Version Tinstall Tcheck Ttotal Status Flags
r-devel-linux-x86_64-debian-clang 3.11.0-2 704.31 25.81 730.12 OK
r-devel-linux-x86_64-debian-gcc 3.11.0-2 569.25 20.37 589.62 OK
r-devel-linux-x86_64-fedora-clang 3.11.0-2 1452.44 OK
r-devel-linux-x86_64-fedora-gcc 3.11.0-2 1048.98 OK
r-devel-windows-x86_64 3.11.0-2 1129.00 128.00 1257.00 OK
r-patched-linux-x86_64 3.11.0-2 611.62 24.98 636.60 OK
r-release-linux-x86_64 3.11.0-2 592.91 25.27 618.18 OK
r-release-macos-arm64 3.11.0-2 266.00 NOTE
r-release-macos-x86_64 3.11.0-2 331.00 NOTE
r-release-windows-x86_64 3.11.0-2 1193.00 117.00 1310.00 OK
r-oldrel-macos-arm64 3.11.0-2 242.00 NOTE
r-oldrel-macos-x86_64 3.11.0-2 342.00 NOTE
r-oldrel-windows-ix86+x86_64 3.11.0-2 1624.00 100.00 1724.00 NOTE

Additional issues

M1mac

Check Details

Version: 3.11.0-2
Check: installed package size
Result: NOTE
     installed size is 45.4Mb
     sub-directories of 1Mb or more:
     libs 45.3Mb
Flavors: r-release-macos-arm64, r-release-macos-x86_64, r-oldrel-macos-arm64, r-oldrel-macos-x86_64, r-oldrel-windows-ix86+x86_64