CRAN Package Check Results for Package libgeos

Last updated on 2021-06-24 23:49:56 CEST.

Flavor Version Tinstall Tcheck Ttotal Status Flags
r-devel-linux-x86_64-debian-clang 3.9.1-1 590.35 23.99 614.34 OK
r-devel-linux-x86_64-debian-gcc 3.9.1-1 355.30 18.87 374.17 OK
r-devel-linux-x86_64-fedora-clang 3.9.1-1 1022.75 NOTE
r-devel-linux-x86_64-fedora-gcc 3.9.1-1 724.75 OK
r-devel-windows-x86_64 3.9.1-1 698.00 55.00 753.00 OK
r-devel-windows-x86_64-gcc10-UCRT 3.9.1-1 OK
r-patched-linux-x86_64 3.9.1-1 443.82 23.18 467.00 OK
r-patched-solaris-x86 3.9.1-1 542.40 OK
r-release-linux-x86_64 3.9.1-1 442.10 22.91 465.01 OK
r-release-macos-arm64 3.9.1-1 NOTE
r-release-macos-x86_64 3.9.1-1 NOTE
r-release-windows-ix86+x86_64 3.9.1-1 1389.00 69.00 1458.00 NOTE
r-oldrel-macos-x86_64 3.9.1-1 NOTE
r-oldrel-windows-ix86+x86_64 3.9.1-1 1391.00 90.00 1481.00 NOTE

Check Details

Version: 3.9.1-1
Check: installed package size
Result: NOTE
     installed size is 31.0Mb
     sub-directories of 1Mb or more:
     libs 30.8Mb
Flavors: r-devel-linux-x86_64-fedora-clang, r-release-macos-arm64, r-release-macos-x86_64, r-release-windows-ix86+x86_64, r-oldrel-macos-x86_64, r-oldrel-windows-ix86+x86_64