CRAN Package Check Results for Package libgeos

Last updated on 2021-11-27 13:11:02 CET.

Flavor Version Tinstall Tcheck Ttotal Status Flags
r-devel-linux-x86_64-debian-clang 3.10.0-1 OK
r-devel-linux-x86_64-debian-gcc 3.10.0-1 430.96 18.54 449.50 OK
r-devel-linux-x86_64-fedora-clang 3.10.0-1 1193.48 NOTE
r-devel-linux-x86_64-fedora-gcc 3.10.0-1 950.86 OK
r-devel-windows-x86_64-new-UL 3.10.0-1 884.00 132.00 1016.00 OK
r-devel-windows-x86_64-new-TK 3.10.0-1 OK
r-devel-windows-x86_64-old 3.10.0-1 614.00 72.00 686.00 OK
r-patched-linux-x86_64 3.10.0-1 546.14 22.64 568.78 OK
r-patched-solaris-x86 3.10.0-1 787.20 OK
r-release-linux-x86_64 3.10.0-1 OK
r-release-macos-arm64 3.10.0-1 NOTE
r-release-macos-x86_64 3.10.0-1 NOTE
r-release-windows-ix86+x86_64 3.10.0-1 1485.00 80.00 1565.00 NOTE
r-oldrel-macos-x86_64 3.10.0-1 NOTE
r-oldrel-windows-ix86+x86_64 3.10.0-1 1167.00 90.00 1257.00 NOTE

Check Details

Version: 3.10.0-1
Check: installed package size
Result: NOTE
     installed size is 35.2Mb
     sub-directories of 1Mb or more:
     libs 35.0Mb
Flavors: r-devel-linux-x86_64-fedora-clang, r-release-macos-arm64, r-release-macos-x86_64, r-release-windows-ix86+x86_64, r-oldrel-macos-x86_64, r-oldrel-windows-ix86+x86_64