CRAN Package Check Results for Package librarysnapshot

Last updated on 2024-02-21 19:53:18 CET.

Flavor Version Tinstall Tcheck Ttotal Status Flags
r-devel-linux-x86_64-debian-clang 0.1.2 NOTE
r-devel-linux-x86_64-debian-gcc 0.1.2 1.55 16.97 18.52 NOTE
r-devel-linux-x86_64-fedora-clang 0.1.2 29.45 NOTE
r-devel-linux-x86_64-fedora-gcc 0.1.2 49.08 NOTE
r-devel-windows-x86_64 0.1.2 3.00 39.00 42.00 NOTE
r-patched-linux-x86_64 0.1.2 1.83 21.33 23.16 NOTE
r-release-linux-x86_64 0.1.2 2.03 21.16 23.19 NOTE
r-release-macos-arm64 0.1.2 35.00 NOTE
r-release-macos-x86_64 0.1.2 70.00 NOTE
r-release-windows-x86_64 0.1.2 3.00 38.00 41.00 NOTE
r-oldrel-macos-arm64 0.1.2 54.00 NOTE
r-oldrel-windows-x86_64 0.1.2 3.00 43.00 46.00 NOTE

Check Details

Version: 0.1.2
Check: LazyData
Result: NOTE 'LazyData' is specified without a 'data' directory Flavors: r-devel-linux-x86_64-debian-clang, r-devel-linux-x86_64-debian-gcc, r-devel-linux-x86_64-fedora-clang, r-devel-linux-x86_64-fedora-gcc, r-devel-windows-x86_64, r-patched-linux-x86_64, r-release-linux-x86_64, r-release-macos-arm64, r-release-macos-x86_64, r-release-windows-x86_64, r-oldrel-macos-arm64, r-oldrel-windows-x86_64