CRAN Package Check Results for Package libsoc

Last updated on 2019-03-20 12:46:39 CET.

Flavor Version Tinstall Tcheck Ttotal Status Flags
r-devel-linux-x86_64-debian-clang 0.6.4 25.16 44.76 69.92 OK
r-devel-linux-x86_64-debian-gcc 0.6.4 19.26 34.80 54.06 OK
r-devel-linux-x86_64-fedora-clang 0.6.4 85.69 OK
r-devel-linux-x86_64-fedora-gcc 0.6.4 81.48 OK
r-devel-windows-ix86+x86_64 0.6.4 205.00 95.00 300.00 NOTE
r-patched-linux-x86_64 0.6.4 24.26 40.97 65.23 OK
r-patched-solaris-x86 0.6.4 114.90 OK
r-release-linux-x86_64 0.6.4 24.00 40.83 64.83 OK
r-release-windows-ix86+x86_64 0.6.4 186.00 93.00 279.00 NOTE
r-release-osx-x86_64 0.6.4 OK
r-oldrel-windows-ix86+x86_64 0.6.4 112.00 104.00 216.00 NOTE
r-oldrel-osx-x86_64 0.6.4 OK

Check Details

Version: 0.6.4
Check: installed package size
Result: NOTE
     installed size is 5.6Mb
     sub-directories of 1Mb or more:
     libs 4.6Mb
Flavors: r-devel-windows-ix86+x86_64, r-release-windows-ix86+x86_64, r-oldrel-windows-ix86+x86_64