CRAN Package Check Results for Package libsoc

Last updated on 2019-05-25 22:51:08 CEST.

Flavor Version Tinstall Tcheck Ttotal Status Flags
r-devel-linux-x86_64-debian-clang 0.7 26.38 45.22 71.60 OK
r-devel-linux-x86_64-debian-gcc 0.7 18.26 34.36 52.62 OK
r-devel-linux-x86_64-fedora-clang 0.7 85.18 OK
r-devel-linux-x86_64-fedora-gcc 0.7 82.47 OK
r-devel-windows-ix86+x86_64 0.7 110.00 105.00 215.00 NOTE
r-patched-linux-x86_64 0.7 OK
r-patched-solaris-x86 0.7 116.10 OK
r-release-linux-x86_64 0.7 22.95 43.40 66.35 OK
r-release-windows-ix86+x86_64 0.7 151.00 93.00 244.00 NOTE
r-release-osx-x86_64 0.7 OK
r-oldrel-windows-ix86+x86_64 0.7 149.00 78.00 227.00 NOTE
r-oldrel-osx-x86_64 0.7 OK

Check Details

Version: 0.7
Check: installed package size
Result: NOTE
     installed size is 5.6Mb
     sub-directories of 1Mb or more:
     libs 4.6Mb
Flavors: r-devel-windows-ix86+x86_64, r-release-windows-ix86+x86_64, r-oldrel-windows-ix86+x86_64