CRAN Package Check Results for Package lidR

Last updated on 2022-01-24 17:49:59 CET.

Flavor Version Tinstall Tcheck Ttotal Status Flags
r-devel-linux-x86_64-debian-clang 3.2.3 143.48 427.18 570.66 OK
r-devel-linux-x86_64-debian-gcc 3.2.3 113.02 317.20 430.22 OK
r-devel-linux-x86_64-fedora-clang 3.2.3 792.41 NOTE
r-devel-linux-x86_64-fedora-gcc 3.2.3 768.86 OK
r-devel-windows-x86_64-new-UL 3.2.3 260.00 483.00 743.00 NOTE
r-devel-windows-x86_64-new-TK 3.2.3 OK
r-patched-linux-x86_64 3.2.3 142.47 444.01 586.48 OK
r-release-linux-x86_64 3.2.3 133.94 445.71 579.65 OK
r-release-macos-arm64 3.2.3 NOTE
r-release-macos-x86_64 3.2.3 NOTE
r-release-windows-ix86+x86_64 3.2.3 308.00 773.00 1081.00 NOTE
r-oldrel-macos-x86_64 3.2.3 NOTE
r-oldrel-windows-ix86+x86_64 3.2.3 307.00 805.00 1112.00 NOTE

Check Details

Version: 3.2.3
Check: installed package size
Result: NOTE
     installed size is 12.7Mb
     sub-directories of 1Mb or more:
     R 1.1Mb
     doc 1.0Mb
     extdata 1.2Mb
     libs 8.7Mb
Flavors: r-devel-linux-x86_64-fedora-clang, r-devel-windows-x86_64-new-UL, r-release-macos-arm64, r-release-macos-x86_64, r-release-windows-ix86+x86_64, r-oldrel-macos-x86_64, r-oldrel-windows-ix86+x86_64