CRAN Package Check Results for Package lifeR

Last updated on 2023-01-31 10:52:14 CET.

Flavor Version Tinstall Tcheck Ttotal Status Flags
r-devel-linux-x86_64-debian-clang 0.9.6 8.54 79.20 87.74 OK
r-devel-linux-x86_64-debian-gcc 0.9.6 6.84 57.28 64.12 OK
r-devel-linux-x86_64-fedora-clang 0.9.6 110.08 NOTE
r-devel-linux-x86_64-fedora-gcc 0.9.6 117.97 NOTE
r-devel-windows-x86_64 0.9.6 21.00 115.00 136.00 OK
r-patched-linux-x86_64 0.9.6 9.64 79.03 88.67 OK
r-release-linux-x86_64 0.9.6 8.56 80.11 88.67 OK
r-release-macos-arm64 0.9.6 39.00 NOTE
r-release-macos-x86_64 0.9.6 48.00 NOTE
r-release-windows-x86_64 0.9.6 19.00 123.00 142.00 OK

Check Details

Version: 0.9.6
Check: dependencies in R code
Result: NOTE
    Namespace in Imports field not imported from: ‘knitr’
     All declared Imports should be used.
Flavors: r-devel-linux-x86_64-fedora-clang, r-devel-linux-x86_64-fedora-gcc, r-release-macos-arm64, r-release-macos-x86_64