CRAN Package Check Results for Package lifecycle

Last updated on 2020-07-13 12:48:57 CEST.

Flavor Version Tinstall Tcheck Ttotal Status Flags
r-devel-linux-x86_64-debian-clang 0.2.0 1.89 29.18 31.07 OK
r-devel-linux-x86_64-debian-gcc 0.2.0 1.94 23.20 25.14 OK
r-devel-linux-x86_64-fedora-clang 0.2.0 46.07 OK
r-devel-linux-x86_64-fedora-gcc 0.2.0 40.54 OK
r-devel-windows-ix86+x86_64 0.2.0 13.00 57.00 70.00 OK
r-patched-linux-x86_64 0.2.0 2.31 29.09 31.40 OK
r-patched-solaris-x86 0.2.0 58.00 OK
r-release-linux-x86_64 0.2.0 2.63 29.15 31.78 OK
r-release-macos-x86_64 0.2.0 ERROR
r-release-windows-ix86+x86_64 0.2.0 9.00 41.00 50.00 OK
r-oldrel-macos-x86_64 0.2.0 OK
r-oldrel-windows-ix86+x86_64 0.2.0 11.00 41.00 52.00 OK

Check Details

Version: 0.2.0
Check: whether package can be installed
Result: ERROR
    Installation failed.
Flavor: r-release-macos-x86_64