CRAN Package Check Results for Package lightgbm

Last updated on 2021-05-17 18:49:05 CEST.

Flavor Version Tinstall Tcheck Ttotal Status Flags
r-devel-linux-x86_64-debian-clang 3.2.1 367.05 132.23 499.28 OK
r-devel-linux-x86_64-debian-gcc 3.2.1 287.44 126.41 413.85 OK
r-devel-linux-x86_64-fedora-clang 3.2.1 898.19 NOTE
r-devel-linux-x86_64-fedora-gcc 3.2.1 665.09 OK
r-devel-windows-ix86+x86_64 3.2.1 784.00 169.00 953.00 NOTE
r-devel-windows-x86_64-gcc10-UCRT 3.2.1 OK
r-patched-linux-x86_64 3.2.1 322.02 120.53 442.55 OK
r-patched-solaris-x86 3.2.1 1267.80 NOTE
r-release-linux-x86_64 3.2.1 320.53 115.93 436.46 OK
r-release-macos-x86_64 3.2.1 NOTE
r-release-windows-ix86+x86_64 3.2.1 607.00 164.00 771.00 NOTE
r-oldrel-macos-x86_64 3.2.1 NOTE
r-oldrel-windows-ix86+x86_64 3.2.1 588.00 228.00 816.00 NOTE

Check Details

Version: 3.2.1
Check: installed package size
Result: NOTE
     installed size is 46.8Mb
     sub-directories of 1Mb or more:
     libs 46.2Mb
Flavors: r-devel-linux-x86_64-fedora-clang, r-devel-windows-ix86+x86_64, r-patched-solaris-x86, r-release-macos-x86_64, r-release-windows-ix86+x86_64, r-oldrel-macos-x86_64, r-oldrel-windows-ix86+x86_64