Last updated on 2021-03-01 17:55:03 CET.
Flavor | Version | Tinstall | Tcheck | Ttotal | Status | Flags |
---|---|---|---|---|---|---|
r-devel-linux-x86_64-debian-clang | 3.1.1 | OK | ||||
r-devel-linux-x86_64-debian-gcc | 3.1.1 | 248.85 | 142.67 | 391.52 | OK | |
r-devel-linux-x86_64-fedora-clang | 3.1.1 | 794.88 | NOTE | |||
r-devel-linux-x86_64-fedora-gcc | 3.1.1 | 597.09 | OK | |||
r-devel-windows-ix86+x86_64 | 3.1.1 | 499.00 | 165.00 | 664.00 | NOTE | |
r-patched-linux-x86_64 | 3.1.1 | 278.97 | 116.45 | 395.42 | OK | |
r-patched-solaris-x86 | 3.1.1 | 1253.60 | NOTE | |||
r-release-linux-x86_64 | 3.1.1 | 278.86 | 110.39 | 389.25 | OK | |
r-release-macos-x86_64 | 3.1.1 | NOTE | ||||
r-release-windows-ix86+x86_64 | 3.1.1 | 570.00 | 4.00 | 574.00 | ERROR | |
r-oldrel-macos-x86_64 | 3.1.1 | NOTE | ||||
r-oldrel-windows-ix86+x86_64 | 3.1.1 | 515.00 | 211.00 | 726.00 | NOTE |
Version: 3.1.1
Check: installed package size
Result: NOTE
installed size is 48.2Mb
sub-directories of 1Mb or more:
libs 47.6Mb
Flavors: r-devel-linux-x86_64-fedora-clang, r-devel-windows-ix86+x86_64, r-patched-solaris-x86, r-release-macos-x86_64, r-oldrel-macos-x86_64, r-oldrel-windows-ix86+x86_64
Version: 3.1.1
Check: whether package can be installed
Result: ERROR
Installation failed.
See * DONE
Flavor: r-release-windows-ix86+x86_64