CRAN Package Check Results for Package lightgbm

Last updated on 2022-06-26 22:50:28 CEST.

Flavor Version Tinstall Tcheck Ttotal Status Flags
r-devel-linux-x86_64-debian-clang 3.3.2 389.62 175.10 564.72 OK
r-devel-linux-x86_64-debian-gcc 3.3.2 331.27 303.61 634.88 OK
r-devel-linux-x86_64-fedora-clang 3.3.2 1124.98 NOTE
r-devel-linux-x86_64-fedora-gcc 3.3.2 709.33 OK
r-devel-windows-x86_64 3.3.2 336.00 193.00 529.00 OK
r-patched-linux-x86_64 3.3.2 333.62 188.28 521.90 OK
r-release-linux-x86_64 3.3.2 323.34 179.19 502.53 OK
r-release-macos-arm64 3.3.2 215.00 NOTE
r-release-macos-x86_64 3.3.2 260.00 NOTE
r-release-windows-x86_64 3.3.2 378.00 211.00 589.00 OK
r-oldrel-macos-arm64 3.3.2 234.00 NOTE
r-oldrel-macos-x86_64 3.3.2 277.00 NOTE
r-oldrel-windows-ix86+x86_64 3.3.2 792.00 255.00 1047.00 NOTE

Check Details

Version: 3.3.2
Check: installed package size
Result: NOTE
     installed size is 35.8Mb
     sub-directories of 1Mb or more:
     libs 35.2Mb
Flavors: r-devel-linux-x86_64-fedora-clang, r-release-macos-arm64, r-release-macos-x86_64, r-oldrel-macos-arm64, r-oldrel-macos-x86_64, r-oldrel-windows-ix86+x86_64