CRAN Package Check Results for Package lightgbm

Last updated on 2022-01-21 15:19:14 CET.

Flavor Version Tinstall Tcheck Ttotal Status Flags
r-devel-linux-x86_64-debian-clang 3.3.2 357.95 167.45 525.40 OK
r-devel-linux-x86_64-debian-gcc 3.3.2 297.85 265.81 563.66 OK
r-devel-linux-x86_64-fedora-clang 3.3.2 966.33 NOTE
r-devel-linux-x86_64-fedora-gcc 3.3.2 699.11 OK
r-devel-windows-x86_64-new-UL 3.3.2 534.00 210.00 744.00 OK
r-devel-windows-x86_64-new-TK 3.3.2 OK
r-patched-linux-x86_64 3.3.2 324.86 157.36 482.22 OK
r-release-linux-x86_64 3.3.2 332.89 158.63 491.52 OK
r-release-macos-arm64 3.3.2 NOTE
r-release-macos-x86_64 3.3.2 NOTE
r-release-windows-ix86+x86_64 3.3.2 650.00 249.00 899.00 NOTE
r-oldrel-macos-x86_64 3.3.1 NOTE
r-oldrel-windows-ix86+x86_64 3.3.2 650.00 246.00 896.00 NOTE

Check Details

Version: 3.3.2
Check: installed package size
Result: NOTE
     installed size is 44.4Mb
     sub-directories of 1Mb or more:
     libs 43.8Mb
Flavors: r-devel-linux-x86_64-fedora-clang, r-release-macos-arm64, r-release-macos-x86_64, r-release-windows-ix86+x86_64, r-oldrel-windows-ix86+x86_64

Version: 3.3.1
Check: installed package size
Result: NOTE
     installed size is 42.8Mb
     sub-directories of 1Mb or more:
     libs 42.3Mb
Flavor: r-oldrel-macos-x86_64