CRAN Package Check Results for Package lightgbm

Last updated on 2022-11-27 12:55:20 CET.

Flavor Version Tinstall Tcheck Ttotal Status Flags
r-devel-linux-x86_64-debian-clang 3.3.3 361.28 176.86 538.14 OK
r-devel-linux-x86_64-debian-gcc 3.3.3 322.38 275.81 598.19 OK
r-devel-linux-x86_64-fedora-clang 3.3.3 900.91 NOTE
r-devel-linux-x86_64-fedora-gcc 3.3.3 807.21 OK
r-devel-windows-x86_64 3.3.3 334.00 210.00 544.00 OK
r-patched-linux-x86_64 3.3.3 333.55 197.43 530.98 OK
r-release-linux-x86_64 3.3.3 334.82 179.50 514.32 OK
r-release-macos-arm64 3.3.3 251.00 NOTE
r-release-macos-x86_64 3.3.3 261.00 NOTE
r-release-windows-x86_64 3.3.3 348.00 211.00 559.00 OK
r-oldrel-macos-arm64 3.3.3 237.00 NOTE
r-oldrel-macos-x86_64 3.3.3 258.00 NOTE
r-oldrel-windows-ix86+x86_64 3.3.3 794.00 244.00 1038.00 NOTE

Additional issues

M1mac

Check Details

Version: 3.3.3
Check: installed package size
Result: NOTE
     installed size is 5.8Mb
     sub-directories of 1Mb or more:
     libs 5.2Mb
Flavors: r-devel-linux-x86_64-fedora-clang, r-release-macos-arm64, r-release-macos-x86_64, r-oldrel-macos-arm64, r-oldrel-macos-x86_64, r-oldrel-windows-ix86+x86_64