Last updated on 2023-10-04 12:04:26 CEST.
Flavor | Version | Tinstall | Tcheck | Ttotal | Status | Flags |
---|---|---|---|---|---|---|
r-devel-linux-x86_64-debian-clang | 3.3.5 | 387.20 | 180.59 | 567.79 | NOTE | |
r-devel-linux-x86_64-debian-gcc | 3.3.5 | 319.52 | 263.49 | 583.01 | NOTE | |
r-devel-linux-x86_64-fedora-clang | 3.3.5 | 910.32 | NOTE | |||
r-devel-linux-x86_64-fedora-gcc | 3.3.5 | 822.52 | NOTE | |||
r-devel-windows-x86_64 | 3.3.5 | 287.00 | 211.00 | 498.00 | NOTE | |
r-patched-linux-x86_64 | 3.3.5 | 386.42 | 172.51 | 558.93 | NOTE | |
r-release-linux-x86_64 | 3.3.5 | 371.81 | 193.20 | 565.01 | NOTE | |
r-release-macos-arm64 | 3.3.5 | 241.00 | NOTE | |||
r-release-macos-x86_64 | 3.3.5 | 407.00 | NOTE | |||
r-release-windows-x86_64 | 3.3.5 | 367.00 | 188.00 | 555.00 | NOTE | |
r-oldrel-macos-arm64 | 3.3.5 | 228.00 | NOTE | |||
r-oldrel-macos-x86_64 | 3.3.5 | 265.00 | NOTE | |||
r-oldrel-windows-x86_64 | 3.3.5 | 340.00 | 176.00 | 516.00 | OK |
Version: 3.3.5
Check: C++ specification
Result: NOTE
Specified C++11: please drop specification unless essential
Flavors: r-devel-linux-x86_64-debian-clang, r-devel-linux-x86_64-debian-gcc, r-devel-linux-x86_64-fedora-clang, r-devel-linux-x86_64-fedora-gcc, r-devel-windows-x86_64, r-patched-linux-x86_64, r-release-linux-x86_64, r-release-macos-arm64, r-release-macos-x86_64, r-release-windows-x86_64
Version: 3.3.5
Check: installed package size
Result: NOTE
installed size is 5.5Mb
sub-directories of 1Mb or more:
libs 4.9Mb
Flavors: r-devel-linux-x86_64-fedora-clang, r-release-macos-arm64, r-release-macos-x86_64, r-oldrel-macos-arm64, r-oldrel-macos-x86_64