CRAN Package Check Results for Package lightgbm

Last updated on 2021-09-20 16:50:40 CEST.

Flavor Version Tinstall Tcheck Ttotal Status Flags
r-devel-linux-x86_64-debian-clang 3.2.1 376.22 133.26 509.48 OK
r-devel-linux-x86_64-debian-gcc 3.2.1 271.45 127.75 399.20 OK
r-devel-linux-x86_64-fedora-clang 3.2.1 907.09 NOTE
r-devel-linux-x86_64-fedora-gcc 3.2.1 664.56 OK
r-devel-windows-x86_64 3.2.1 279.00 114.00 393.00 OK
r-devel-windows-x86_64-gcc10-UCRT 3.2.1 ERROR
r-patched-linux-x86_64 3.2.1 319.24 129.62 448.86 OK
r-patched-solaris-x86 3.2.1 1205.40 NOTE
r-release-linux-x86_64 3.2.1 322.80 122.99 445.79 OK
r-release-macos-arm64 3.2.1 NOTE
r-release-macos-x86_64 3.2.1 NOTE
r-release-windows-ix86+x86_64 3.2.1 775.00 159.00 934.00 NOTE
r-oldrel-macos-x86_64 3.2.1 NOTE
r-oldrel-windows-ix86+x86_64 3.2.1 742.00 168.00 910.00 NOTE

Check Details

Version: 3.2.1
Check: installed package size
Result: NOTE
     installed size is 44.4Mb
     sub-directories of 1Mb or more:
     libs 43.8Mb
Flavors: r-devel-linux-x86_64-fedora-clang, r-patched-solaris-x86, r-release-macos-arm64, r-release-macos-x86_64, r-release-windows-ix86+x86_64, r-oldrel-macos-x86_64, r-oldrel-windows-ix86+x86_64

Version: 3.2.1
Check: whether package can be installed
Result: ERROR
    Installation failed.
Flavor: r-devel-windows-x86_64-gcc10-UCRT