CRAN Package Check Results for Package lightr

Last updated on 2020-03-31 16:48:10 CEST.

Flavor Version Tinstall Tcheck Ttotal Status Flags
r-devel-linux-x86_64-debian-clang 1.0 4.77 95.76 100.53 OK
r-devel-linux-x86_64-debian-gcc 1.0 3.30 75.68 78.98 OK
r-devel-linux-x86_64-fedora-clang 1.0 119.97 OK
r-devel-linux-x86_64-fedora-gcc 1.0 126.46 OK
r-devel-windows-ix86+x86_64 1.0 12.00 106.00 118.00 OK
r-devel-windows-ix86+x86_64-gcc8 1.0 9.00 117.00 126.00 OK
r-patched-linux-x86_64 1.0 4.13 99.44 103.57 OK
r-patched-solaris-x86 1.0 198.60 WARN
r-release-linux-x86_64 1.0 3.62 94.79 98.41 OK
r-release-windows-ix86+x86_64 1.0 12.00 159.00 171.00 OK
r-release-osx-x86_64 1.0 WARN
r-oldrel-windows-ix86+x86_64 1.0 7.00 147.00 154.00 OK
r-oldrel-osx-x86_64 1.0 WARN

Check Details

Version: 1.0
Check: re-building of vignette outputs
Result: WARN
    Error(s) in re-building vignettes:
     ...
    --- re-building ‘batch_import.Rmd’ using rmarkdown
    Warning in engine$weave(file, quiet = quiet, encoding = enc) :
     Pandoc (>= 1.12.3) and/or pandoc-citeproc not available. Falling back to R Markdown v1.
    --- finished re-building ‘batch_import.Rmd’
    
    --- re-building ‘renormalise.Rmd’ using rmarkdown
    Warning in engine$weave(file, quiet = quiet, encoding = enc) :
     Pandoc (>= 1.12.3) and/or pandoc-citeproc not available. Falling back to R Markdown v1.
    --- finished re-building ‘renormalise.Rmd’
    
    --- re-building ‘true_example.Rmd’ using rmarkdown
    Warning in engine$weave(file, quiet = quiet, encoding = enc) :
     Pandoc (>= 1.12.3) and/or pandoc-citeproc not available. Falling back to R Markdown v1.
    Quitting from lines 59-62 (true_example.Rmd)
    Error: processing vignette 'true_example.Rmd' failed with diagnostics:
    object 'params' not found
    --- failed re-building ‘true_example.Rmd’
    
    SUMMARY: processing the following file failed:
     ‘true_example.Rmd’
    
    Error: Vignette re-building failed.
    Execution halted
Flavors: r-patched-solaris-x86, r-release-osx-x86_64

Version: 1.0
Check: re-building of vignette outputs
Result: WARN
    Error in re-building vignettes:
     ...
    Warning in engine$weave(file, quiet = quiet, encoding = enc) :
     Pandoc (>= 1.12.3) and/or pandoc-citeproc not available. Falling back to R Markdown v1.
    Warning in engine$weave(file, quiet = quiet, encoding = enc) :
     Pandoc (>= 1.12.3) and/or pandoc-citeproc not available. Falling back to R Markdown v1.
    Warning in engine$weave(file, quiet = quiet, encoding = enc) :
     Pandoc (>= 1.12.3) and/or pandoc-citeproc not available. Falling back to R Markdown v1.
    Quitting from lines 59-62 (true_example.Rmd)
    Error: processing vignette 'true_example.Rmd' failed with diagnostics:
    object 'params' not found
    Execution halted
Flavor: r-oldrel-osx-x86_64