CRAN Package Check Results for Package lightsout

Last updated on 2022-11-26 16:02:58 CET.

Flavor Version Tinstall Tcheck Ttotal Status Flags
r-devel-linux-x86_64-debian-clang 0.3 2.76 32.06 34.82 NOTE
r-devel-linux-x86_64-debian-gcc 0.3 2.20 25.07 27.27 NOTE
r-devel-linux-x86_64-fedora-clang 0.3 53.50 NOTE
r-devel-linux-x86_64-fedora-gcc 0.3 55.10 NOTE
r-devel-windows-x86_64 0.3 15.00 75.00 90.00 NOTE
r-patched-linux-x86_64 0.3 NOTE
r-release-linux-x86_64 0.3 2.61 30.56 33.17 NOTE
r-release-macos-arm64 0.3 24.00 NOTE
r-release-macos-x86_64 0.3 39.00 NOTE
r-release-windows-x86_64 0.3 15.00 66.00 81.00 NOTE
r-oldrel-macos-arm64 0.3 23.00 NOTE
r-oldrel-macos-x86_64 0.3 28.00 NOTE
r-oldrel-windows-ix86+x86_64 0.3 7.00 58.00 65.00 NOTE

Check Details

Version: 0.3
Check: LazyData
Result: NOTE
     'LazyData' is specified without a 'data' directory
Flavors: r-devel-linux-x86_64-debian-clang, r-devel-linux-x86_64-debian-gcc, r-devel-linux-x86_64-fedora-clang, r-devel-linux-x86_64-fedora-gcc, r-devel-windows-x86_64, r-patched-linux-x86_64, r-release-linux-x86_64, r-release-macos-arm64, r-release-macos-x86_64, r-release-windows-x86_64, r-oldrel-macos-arm64, r-oldrel-macos-x86_64, r-oldrel-windows-ix86+x86_64