Last updated on 2022-07-04 16:52:31 CEST.
Flavor | Version | Tinstall | Tcheck | Ttotal | Status | Flags |
---|---|---|---|---|---|---|
r-devel-linux-x86_64-debian-clang | 0.3 | 2.72 | 30.70 | 33.42 | NOTE | |
r-devel-linux-x86_64-debian-gcc | 0.3 | 1.93 | 23.75 | 25.68 | NOTE | |
r-devel-linux-x86_64-fedora-clang | 0.3 | 51.57 | NOTE | |||
r-devel-linux-x86_64-fedora-gcc | 0.3 | 50.05 | NOTE | |||
r-devel-windows-x86_64 | 0.3 | 20.00 | 66.00 | 86.00 | NOTE | |
r-patched-linux-x86_64 | 0.3 | 1.95 | 30.44 | 32.39 | NOTE | |
r-release-linux-x86_64 | 0.3 | 1.96 | 30.39 | 32.35 | NOTE | |
r-release-macos-arm64 | 0.3 | 24.00 | NOTE | |||
r-release-macos-x86_64 | 0.3 | 39.00 | NOTE | |||
r-release-windows-x86_64 | 0.3 | 18.00 | 63.00 | 81.00 | NOTE | |
r-oldrel-macos-arm64 | 0.3 | 23.00 | NOTE | |||
r-oldrel-macos-x86_64 | 0.3 | 28.00 | NOTE | |||
r-oldrel-windows-ix86+x86_64 | 0.3 | 6.00 | 56.00 | 62.00 | NOTE |
Version: 0.3
Check: LazyData
Result: NOTE
'LazyData' is specified without a 'data' directory
Flavors: r-devel-linux-x86_64-debian-clang, r-devel-linux-x86_64-debian-gcc, r-devel-linux-x86_64-fedora-clang, r-devel-linux-x86_64-fedora-gcc, r-devel-windows-x86_64, r-patched-linux-x86_64, r-release-linux-x86_64, r-release-macos-arm64, r-release-macos-x86_64, r-release-windows-x86_64, r-oldrel-macos-arm64, r-oldrel-macos-x86_64, r-oldrel-windows-ix86+x86_64