CRAN Package Check Results for Package likelihoodExplore

Last updated on 2019-03-23 16:48:00 CET.

Flavor Version Tinstall Tcheck Ttotal Status Flags
r-devel-linux-x86_64-debian-clang 0.1.0 3.18 25.05 28.23 OK
r-devel-linux-x86_64-debian-gcc 0.1.0 2.46 20.41 22.87 OK
r-devel-linux-x86_64-fedora-clang 0.1.0 33.92 OK
r-devel-linux-x86_64-fedora-gcc 0.1.0 32.25 OK
r-devel-windows-ix86+x86_64 0.1.0 8.00 53.00 61.00 OK
r-patched-linux-x86_64 0.1.0 1.76 23.75 25.51 OK
r-patched-solaris-x86 0.1.0 48.00 OK
r-release-linux-x86_64 0.1.0 0.29 2.03 2.32 ERROR
r-release-windows-ix86+x86_64 0.1.0 4.00 38.00 42.00 OK
r-release-osx-x86_64 0.1.0 OK
r-oldrel-windows-ix86+x86_64 0.1.0 5.00 50.00 55.00 OK
r-oldrel-osx-x86_64 0.1.0 OK

Check Details

Version: 0.1.0
Check: whether package can be installed
Result: ERROR
    Installation failed.
Flavor: r-release-linux-x86_64