Last updated on 2023-03-22 17:50:16 CET.
Flavor | Version | Tinstall | Tcheck | Ttotal | Status | Flags |
---|---|---|---|---|---|---|
r-devel-linux-x86_64-debian-clang | 0.1.0 | 3.82 | 32.19 | 36.01 | NOTE | |
r-devel-linux-x86_64-debian-gcc | 0.1.0 | 3.01 | 24.76 | 27.77 | NOTE | |
r-devel-linux-x86_64-fedora-clang | 0.1.0 | 47.70 | NOTE | |||
r-devel-linux-x86_64-fedora-gcc | 0.1.0 | 42.31 | NOTE | |||
r-patched-linux-x86_64 | 0.1.0 | 3.99 | 31.47 | 35.46 | NOTE | |
r-release-linux-x86_64 | 0.1.0 | 3.38 | 31.45 | 34.83 | NOTE | |
r-release-macos-arm64 | 0.1.0 | 20.00 | NOTE | |||
r-release-macos-x86_64 | 0.1.0 | 25.00 | NOTE | |||
r-release-windows-x86_64 | 0.1.0 | 34.00 | 62.00 | 96.00 | NOTE | |
r-oldrel-macos-arm64 | 0.1.0 | 19.00 | NOTE | |||
r-oldrel-macos-x86_64 | 0.1.0 | 35.00 | NOTE | |||
r-oldrel-windows-ix86+x86_64 | 0.1.0 | 8.00 | 64.00 | 72.00 | NOTE |
Version: 0.1.0
Check: LazyData
Result: NOTE
'LazyData' is specified without a 'data' directory
Flavors: r-devel-linux-x86_64-debian-clang, r-devel-linux-x86_64-debian-gcc, r-devel-linux-x86_64-fedora-clang, r-devel-linux-x86_64-fedora-gcc, r-patched-linux-x86_64, r-release-linux-x86_64, r-release-macos-arm64, r-release-macos-x86_64, r-release-windows-x86_64, r-oldrel-macos-arm64, r-oldrel-macos-x86_64, r-oldrel-windows-ix86+x86_64