CRAN Package Check Results for Package likert

Last updated on 2019-06-25 17:49:54 CEST.

Flavor Version Tinstall Tcheck Ttotal Status Flags
r-devel-linux-x86_64-debian-clang 1.3.5 5.90 53.55 59.45 OK
r-devel-linux-x86_64-debian-gcc 1.3.5 4.81 41.50 46.31 OK
r-devel-linux-x86_64-fedora-clang 1.3.5 71.74 NOTE
r-devel-linux-x86_64-fedora-gcc 1.3.5 67.37 NOTE
r-devel-windows-ix86+x86_64 1.3.5 24.00 73.00 97.00 OK
r-patched-linux-x86_64 1.3.5 5.42 51.87 57.29 OK
r-patched-solaris-x86 1.3.5 110.30 NOTE
r-release-linux-x86_64 1.3.5 6.39 51.87 58.26 OK
r-release-windows-ix86+x86_64 1.3.5 15.00 113.00 128.00 OK
r-release-osx-x86_64 1.3.5 NOTE
r-oldrel-windows-ix86+x86_64 1.3.5 9.00 63.00 72.00 WARN
r-oldrel-osx-x86_64 1.3.5 NOTE

Check Details

Version: 1.3.5
Check: data for non-ASCII characters
Result: NOTE
     Note: found 7 marked UTF-8 strings
Flavors: r-devel-linux-x86_64-fedora-clang, r-devel-linux-x86_64-fedora-gcc, r-patched-solaris-x86, r-release-osx-x86_64, r-oldrel-osx-x86_64

Version: 1.3.5
Check: whether package can be installed
Result: WARN
    Found the following significant warnings:
     Warning: S3 methods '[.fun_list', '[.grouped_df', 'all.equal.tbl_df', 'anti_join.data.frame', 'anti_join.tbl_df', 'arrange.data.frame', 'arrange.default', 'arrange.grouped_df', 'arrange.tbl_df', 'arrange_.data.frame', 'arrange_.tbl_df', 'as.data.frame.grouped_df', 'as.data.frame.rowwise_df', 'as.data.frame.tbl_cube', 'as.table.tbl_cube', 'as.tbl.data.frame', 'as.tbl.tbl', 'as.tbl_cube.array', 'as.tbl_cube.data.frame', 'as.tbl_cube.matrix', 'as.tbl_cube.table', 'as_tibble.grouped_df', 'as_tibble.tbl_cube', 'auto_copy.tbl_cube', 'auto_copy.tbl_df', 'cbind.grouped_df', 'collapse.data.frame', 'collect.data.frame', 'common_by.NULL', 'common_by.character', 'common_by.default', 'common_by.list', 'compute.data.frame', 'copy_to.DBIConnection', 'copy_to.src_local', 'default_missing.data.frame', 'default_missing.default', 'dim.tbl_cube', 'distinct.data.frame', 'distinct.default', 'distinct.grouped_df', 'distinct.tbl_df', 'distinct_.data.frame', 'distinct_.grouped_df', 'distinct_.tbl_df', 'do.NULL', 'do.da [... truncated]
Flavor: r-oldrel-windows-ix86+x86_64