CRAN Package Check Results for Package likert

Last updated on 2019-09-22 01:46:15 CEST.

Flavor Version Tinstall Tcheck Ttotal Status Flags
r-devel-linux-x86_64-debian-clang 1.3.5 5.67 51.34 57.01 OK
r-devel-linux-x86_64-debian-gcc 1.3.5 4.50 40.58 45.08 OK
r-devel-linux-x86_64-fedora-clang 1.3.5 70.16 NOTE
r-devel-linux-x86_64-fedora-gcc 1.3.5 68.36 NOTE
r-devel-windows-ix86+x86_64 1.3.5 30.00 73.00 103.00 OK
r-patched-linux-x86_64 1.3.5 4.77 49.90 54.67 OK
r-patched-solaris-x86 1.3.5 103.90 NOTE
r-release-linux-x86_64 1.3.5 6.23 49.82 56.05 OK
r-release-windows-ix86+x86_64 1.3.5 13.00 70.00 83.00 OK
r-release-osx-x86_64 1.3.5 NOTE
r-oldrel-windows-ix86+x86_64 1.3.5 9.00 67.00 76.00 OK
r-oldrel-osx-x86_64 1.3.5 NOTE

Check Details

Version: 1.3.5
Check: data for non-ASCII characters
Result: NOTE
     Note: found 7 marked UTF-8 strings
Flavors: r-devel-linux-x86_64-fedora-clang, r-devel-linux-x86_64-fedora-gcc, r-patched-solaris-x86, r-release-osx-x86_64, r-oldrel-osx-x86_64