CRAN Package Check Results for Package lillies

Last updated on 2020-03-30 09:51:32 CEST.

Flavor Version Tinstall Tcheck Ttotal Status Flags
r-devel-linux-x86_64-debian-clang 0.2.7 5.43 69.03 74.46 OK
r-devel-linux-x86_64-debian-gcc 0.2.7 3.40 54.14 57.54 OK
r-devel-linux-x86_64-fedora-clang 0.2.7 89.21 NOTE
r-devel-linux-x86_64-fedora-gcc 0.2.7 87.00 NOTE
r-devel-windows-ix86+x86_64 0.2.7 14.00 83.00 97.00 OK
r-devel-windows-ix86+x86_64-gcc8 0.2.7 11.00 78.00 89.00 OK
r-patched-linux-x86_64 0.2.7 3.85 65.36 69.21 OK
r-patched-solaris-x86 0.2.7 133.10 NOTE
r-release-linux-x86_64 0.2.7 3.27 63.01 66.28 OK
r-release-windows-ix86+x86_64 0.2.7 14.00 108.00 122.00 OK
r-release-osx-x86_64 0.2.7 NOTE
r-oldrel-windows-ix86+x86_64 0.2.7 12.00 116.00 128.00 OK
r-oldrel-osx-x86_64 0.2.7 NOTE

Check Details

Version: 0.2.7
Check: dependencies in R code
Result: NOTE
    Namespace in Imports field not imported from: ‘ddpcr’
     All declared Imports should be used.
Flavors: r-devel-linux-x86_64-fedora-clang, r-devel-linux-x86_64-fedora-gcc, r-patched-solaris-x86, r-release-osx-x86_64, r-oldrel-osx-x86_64