Last updated on 2023-01-28 13:52:47 CET.
Flavor | Version | Tinstall | Tcheck | Ttotal | Status | Flags |
---|---|---|---|---|---|---|
r-devel-linux-x86_64-debian-clang | 0.1.2 | 5.44 | 47.57 | 53.01 | NOTE | |
r-devel-linux-x86_64-debian-gcc | 0.1.2 | 3.67 | 36.20 | 39.87 | NOTE | |
r-devel-linux-x86_64-fedora-clang | 0.1.2 | 66.34 | NOTE | |||
r-devel-linux-x86_64-fedora-gcc | 0.1.2 | 77.31 | NOTE | |||
r-devel-windows-x86_64 | 0.1.2 | 12.00 | 77.00 | 89.00 | NOTE | |
r-patched-linux-x86_64 | 0.1.2 | 4.87 | 46.94 | 51.81 | NOTE | |
r-release-linux-x86_64 | 0.1.2 | 3.31 | 50.76 | 54.07 | NOTE | |
r-release-macos-arm64 | 0.1.2 | 26.00 | NOTE | |||
r-release-macos-x86_64 | 0.1.2 | 47.00 | NOTE | |||
r-release-windows-x86_64 | 0.1.2 | 17.00 | 96.00 | 113.00 | NOTE | |
r-oldrel-macos-arm64 | 0.1.2 | 28.00 | NOTE | |||
r-oldrel-macos-x86_64 | 0.1.2 | 37.00 | NOTE | |||
r-oldrel-windows-ix86+x86_64 | 0.1.2 | 13.00 | 72.00 | 85.00 | NOTE |
Version: 0.1.2
Check: LazyData
Result: NOTE
'LazyData' is specified without a 'data' directory
Flavors: r-devel-linux-x86_64-debian-clang, r-devel-linux-x86_64-debian-gcc, r-devel-linux-x86_64-fedora-clang, r-devel-linux-x86_64-fedora-gcc, r-devel-windows-x86_64, r-patched-linux-x86_64, r-release-linux-x86_64, r-release-macos-arm64, r-release-macos-x86_64, r-release-windows-x86_64, r-oldrel-macos-arm64, r-oldrel-macos-x86_64, r-oldrel-windows-ix86+x86_64