CRAN Package Check Results for Package linERR

Last updated on 2022-01-17 16:49:04 CET.

Flavor Version Tinstall Tcheck Ttotal Status Flags
r-devel-linux-x86_64-debian-clang 1.0 8.93 85.79 94.72 OK
r-devel-linux-x86_64-debian-gcc 1.0 5.69 69.61 75.30 OK
r-devel-linux-x86_64-fedora-clang 1.0 115.68 NOTE
r-devel-linux-x86_64-fedora-gcc 1.0 107.86 NOTE
r-devel-windows-x86_64-new-UL 1.0 22.00 106.00 128.00 OK
r-devel-windows-x86_64-new-TK 1.0 OK
r-patched-linux-x86_64 1.0 8.22 84.07 92.29 OK
r-release-linux-x86_64 1.0 OK
r-release-macos-arm64 1.0 OK
r-release-macos-x86_64 1.0 OK
r-release-windows-ix86+x86_64 1.0 19.00 152.00 171.00 OK
r-oldrel-macos-x86_64 1.0 OK
r-oldrel-windows-ix86+x86_64 1.0 19.00 149.00 168.00 OK

Check Details

Version: 1.0
Check: compiled code
Result: NOTE
    File ‘linERR/libs/linERR.so’:
     Found no calls to: ‘R_registerRoutines’, ‘R_useDynamicSymbols’
    
    It is good practice to register native routines and to disable symbol
    search.
    
    See ‘Writing portable packages’ in the ‘Writing R Extensions’ manual.
Flavors: r-devel-linux-x86_64-fedora-clang, r-devel-linux-x86_64-fedora-gcc