Last updated on 2022-07-05 23:55:44 CEST.
Flavor | Version | Tinstall | Tcheck | Ttotal | Status | Flags |
---|---|---|---|---|---|---|
r-devel-linux-x86_64-debian-clang | 1.1.9 | 10.23 | 103.82 | 114.05 | OK | |
r-devel-linux-x86_64-debian-gcc | 1.1.9 | 8.83 | 80.02 | 88.85 | OK | |
r-devel-linux-x86_64-fedora-clang | 1.1.9 | 144.04 | NOTE | |||
r-devel-linux-x86_64-fedora-gcc | 1.1.9 | 141.02 | NOTE | |||
r-devel-windows-x86_64 | 1.1.9 | 93.00 | 176.00 | 269.00 | OK | |
r-patched-linux-x86_64 | 1.1.9 | 16.45 | 95.90 | 112.35 | OK | |
r-release-linux-x86_64 | 1.1.9 | 6.50 | 97.14 | 103.64 | OK | |
r-release-macos-arm64 | 1.1.9 | 53.00 | NOTE | |||
r-release-macos-x86_64 | 1.1.9 | 67.00 | NOTE | |||
r-release-windows-x86_64 | 1.1.9 | 119.00 | 189.00 | 308.00 | OK | |
r-oldrel-macos-arm64 | 1.1.9 | 47.00 | NOTE | |||
r-oldrel-macos-x86_64 | 1.1.9 | 67.00 | NOTE | |||
r-oldrel-windows-ix86+x86_64 | 1.1.9 | 20.00 | 170.00 | 190.00 | OK |
Version: 1.1.9
Check: Rd cross-references
Result: NOTE
Undeclared package ‘magrittr’ in Rd xrefs
Flavor: r-devel-linux-x86_64-fedora-clang
Version: 1.1.9
Check: data for non-ASCII characters
Result: NOTE
Note: found 60596 marked UTF-8 strings
Flavors: r-devel-linux-x86_64-fedora-clang, r-devel-linux-x86_64-fedora-gcc, r-release-macos-arm64, r-release-macos-x86_64, r-oldrel-macos-arm64, r-oldrel-macos-x86_64