CRAN Package Check Results for Package lingtypology

Last updated on 2022-11-29 17:52:09 CET.

Flavor Version Tinstall Tcheck Ttotal Status Flags
r-devel-linux-x86_64-debian-clang 1.1.10 8.14 97.85 105.99 OK
r-devel-linux-x86_64-debian-gcc 1.1.10 7.07 74.82 81.89 OK
r-devel-linux-x86_64-fedora-clang 1.1.10 142.58 NOTE
r-devel-linux-x86_64-fedora-gcc 1.1.10 140.23 NOTE
r-devel-windows-x86_64 1.1.10 14.00 179.00 193.00 OK
r-patched-linux-x86_64 1.1.10 12.31 89.57 101.88 OK
r-release-linux-x86_64 1.1.10 6.96 87.81 94.77 OK
r-release-macos-arm64 1.1.10 53.00 NOTE
r-release-macos-x86_64 1.1.10 63.00 NOTE
r-release-windows-x86_64 1.1.10 60.00 165.00 225.00 OK
r-oldrel-macos-arm64 1.1.10 55.00 NOTE
r-oldrel-macos-x86_64 1.1.10 67.00 NOTE
r-oldrel-windows-ix86+x86_64 1.1.10 18.00 152.00 170.00 OK

Check Details

Version: 1.1.10
Check: Rd cross-references
Result: NOTE
    Undeclared package ‘magrittr’ in Rd xrefs
Flavor: r-devel-linux-x86_64-fedora-clang

Version: 1.1.10
Check: data for non-ASCII characters
Result: NOTE
     Note: found 60598 marked UTF-8 strings
Flavors: r-devel-linux-x86_64-fedora-clang, r-devel-linux-x86_64-fedora-gcc, r-release-macos-arm64, r-release-macos-x86_64, r-oldrel-macos-arm64, r-oldrel-macos-x86_64