Last updated on 2022-08-11 07:51:48 CEST.
Flavor | Version | Tinstall | Tcheck | Ttotal | Status | Flags |
---|---|---|---|---|---|---|
r-devel-linux-x86_64-debian-clang | 0.4-7 | 11.91 | 128.36 | 140.27 | OK | |
r-devel-linux-x86_64-debian-gcc | 0.4-7 | 9.34 | 97.03 | 106.37 | OK | |
r-devel-linux-x86_64-fedora-clang | 0.4-7 | 174.22 | NOTE | |||
r-devel-linux-x86_64-fedora-gcc | 0.4-7 | 175.16 | NOTE | |||
r-devel-windows-x86_64 | 0.4-7 | 34.00 | 168.00 | 202.00 | OK | |
r-patched-linux-x86_64 | 0.4-7 | 19.21 | 122.96 | 142.17 | OK | |
r-release-linux-x86_64 | 0.4-7 | OK | ||||
r-release-macos-arm64 | 0.4-7 | 47.00 | NOTE | |||
r-release-macos-x86_64 | 0.4-7 | 90.00 | NOTE | |||
r-release-windows-x86_64 | 0.4-7 | 31.00 | 172.00 | 203.00 | OK | |
r-oldrel-macos-arm64 | 0.4-7 | 55.00 | NOTE | |||
r-oldrel-macos-x86_64 | 0.4-7 | 56.00 | NOTE | |||
r-oldrel-windows-ix86+x86_64 | 0.4-7 | 39.00 | 155.00 | 194.00 | OK |
Version: 0.4-7
Check: dependencies in R code
Result: NOTE
Namespace in Imports field not imported from: ‘methods’
All declared Imports should be used.
Flavors: r-devel-linux-x86_64-fedora-clang, r-devel-linux-x86_64-fedora-gcc, r-release-macos-arm64, r-release-macos-x86_64, r-oldrel-macos-arm64, r-oldrel-macos-x86_64