CRAN Package Check Results for Package linl

Last updated on 2021-09-23 16:50:29 CEST.

Flavor Version Tinstall Tcheck Ttotal Status Flags
r-devel-linux-x86_64-debian-clang 0.0.4 2.05 33.51 35.56 OK
r-devel-linux-x86_64-debian-gcc 0.0.4 1.87 27.43 29.30 OK
r-devel-linux-x86_64-fedora-clang 0.0.4 52.22 NOTE
r-devel-linux-x86_64-fedora-gcc 0.0.4 41.14 OK
r-devel-windows-x86_64 0.0.4 4.00 47.00 51.00 OK
r-devel-windows-x86_64-gcc10-UCRT 0.0.4 OK
r-patched-linux-x86_64 0.0.4 2.27 32.38 34.65 OK
r-patched-solaris-x86 0.0.4 62.70 OK
r-release-linux-x86_64 0.0.4 2.23 33.64 35.87 OK
r-release-macos-arm64 0.0.4 OK
r-release-macos-x86_64 0.0.4 OK
r-release-windows-ix86+x86_64 0.0.4 7.00 46.00 53.00 OK
r-oldrel-macos-x86_64 0.0.4 OK
r-oldrel-windows-ix86+x86_64 0.0.4 5.00 46.00 51.00 OK

Check Details

Version: 0.0.4
Check: Rd cross-references
Result: NOTE
    Undeclared package ‘pinp’ in Rd xrefs
Flavor: r-devel-linux-x86_64-fedora-clang