CRAN Package Check Results for Package lintr

Last updated on 2022-12-05 14:51:03 CET.

Flavor Version Tinstall Tcheck Ttotal Status Flags
r-devel-linux-x86_64-debian-clang 3.0.2 9.55 175.76 185.31 OK
r-devel-linux-x86_64-debian-gcc 3.0.2 9.03 134.14 143.17 OK
r-devel-linux-x86_64-fedora-clang 3.0.2 234.80 OK
r-devel-linux-x86_64-fedora-gcc 3.0.2 262.81 OK
r-devel-windows-x86_64 3.0.2 140.00 937.00 1077.00 OK
r-patched-linux-x86_64 3.0.2 11.60 166.32 177.92 OK
r-release-linux-x86_64 3.0.2 8.89 163.63 172.52 OK
r-release-macos-arm64 3.0.2 75.00 OK
r-release-macos-x86_64 3.0.2 94.00 OK
r-release-windows-x86_64 3.0.2 107.00 1366.00 1473.00 OK
r-oldrel-macos-arm64 3.0.2 75.00 OK
r-oldrel-macos-x86_64 3.0.2 101.00 OK
r-oldrel-windows-ix86+x86_64 3.0.2 19.00 232.00 251.00 WARN

Check Details

Version: 3.0.2
Check: for unstated dependencies in ‘tests’
Result: WARN
    Warning: unable to access index for repository https://bioconductor.org/packages/3.14/bioc/src/contrib:
     cannot open URL 'https://bioconductor.org/packages/3.14/bioc/src/contrib/PACKAGES'
    Warning: unable to access index for repository https://bioconductor.org/packages/3.14/data/annotation/src/contrib:
     cannot open URL 'https://bioconductor.org/packages/3.14/data/annotation/src/contrib/PACKAGES'
    Warning: unable to access index for repository https://bioconductor.org/packages/3.14/data/experiment/src/contrib:
     cannot open URL 'https://bioconductor.org/packages/3.14/data/experiment/src/contrib/PACKAGES'
Flavor: r-oldrel-windows-ix86+x86_64