CRAN Package Check Results for Package lisp

Last updated on 2019-11-12 03:49:06 CET.

Flavor Version Tinstall Tcheck Ttotal Status Flags
r-devel-linux-x86_64-debian-clang 0.1 1.82 17.43 19.25 NOTE
r-devel-linux-x86_64-debian-gcc 0.1 1.52 13.93 15.45 NOTE
r-devel-linux-x86_64-fedora-clang 0.1 24.60 NOTE
r-devel-linux-x86_64-fedora-gcc 0.1 24.22 NOTE
r-devel-windows-ix86+x86_64 0.1 5.00 32.00 37.00 NOTE
r-patched-linux-x86_64 0.1 1.34 17.11 18.45 NOTE
r-patched-solaris-x86 0.1 37.00 NOTE
r-release-linux-x86_64 0.1 1.40 16.78 18.18 NOTE
r-release-windows-ix86+x86_64 0.1 8.00 30.00 38.00 NOTE
r-release-osx-x86_64 0.1 NOTE
r-oldrel-windows-ix86+x86_64 0.1 3.00 37.00 40.00 NOTE
r-oldrel-osx-x86_64 0.1 NOTE

Check Details

Version: 0.1
Check: top-level files
Result: NOTE
    Non-standard file/directory found at top level:
     'package.R'
Flavors: r-devel-linux-x86_64-debian-clang, r-devel-linux-x86_64-debian-gcc, r-devel-linux-x86_64-fedora-clang, r-devel-linux-x86_64-fedora-gcc, r-patched-linux-x86_64, r-release-linux-x86_64

Version: 0.1
Check: R code for possible problems
Result: NOTE
    last: no visible global function definition for 'tail'
    Undefined global functions or variables:
     tail
    Consider adding
     importFrom("utils", "tail")
    to your NAMESPACE file.
Flavors: r-devel-linux-x86_64-debian-clang, r-devel-linux-x86_64-debian-gcc, r-devel-linux-x86_64-fedora-clang, r-devel-linux-x86_64-fedora-gcc, r-devel-windows-ix86+x86_64, r-patched-linux-x86_64, r-patched-solaris-x86, r-release-linux-x86_64, r-release-windows-ix86+x86_64, r-release-osx-x86_64, r-oldrel-windows-ix86+x86_64, r-oldrel-osx-x86_64