CRAN Package Check Results for Package listArray

Last updated on 2024-05-21 18:49:18 CEST.

Flavor Version Tinstall Tcheck Ttotal Status Flags
r-devel-linux-x86_64-debian-clang 0.1.1 2.42 28.75 31.17 NOTE
r-devel-linux-x86_64-debian-gcc 0.1.1 1.26 22.88 24.14 NOTE
r-devel-linux-x86_64-fedora-clang 0.1.1 40.81 NOTE
r-devel-linux-x86_64-fedora-gcc 0.1.1 53.67 NOTE
r-devel-windows-x86_64 0.1.1 3.00 51.00 54.00 NOTE
r-patched-linux-x86_64 0.1.1 2.34 28.35 30.69 NOTE
r-release-linux-x86_64 0.1.1 2.20 28.63 30.83 NOTE
r-release-macos-arm64 0.1.1 22.00 NOTE
r-release-windows-x86_64 0.1.1 3.00 54.00 57.00 NOTE
r-oldrel-macos-arm64 0.1.1 24.00 NOTE
r-oldrel-macos-x86_64 0.1.1 33.00 NOTE
r-oldrel-windows-x86_64 0.1.1 3.00 51.00 54.00 NOTE

Check Details

Version: 0.1.1
Check: LazyData
Result: NOTE 'LazyData' is specified without a 'data' directory Flavors: r-devel-linux-x86_64-debian-clang, r-devel-linux-x86_64-debian-gcc, r-devel-linux-x86_64-fedora-clang, r-devel-linux-x86_64-fedora-gcc, r-devel-windows-x86_64, r-patched-linux-x86_64, r-release-linux-x86_64, r-release-macos-arm64, r-release-windows-x86_64, r-oldrel-macos-arm64, r-oldrel-macos-x86_64, r-oldrel-windows-x86_64