CRAN Package Check Results for Package listarrays

Last updated on 2020-11-28 08:47:45 CET.

Flavor Version Tinstall Tcheck Ttotal Status Flags
r-devel-linux-x86_64-debian-clang 0.3.1 3.22 31.00 34.22 OK
r-devel-linux-x86_64-debian-gcc 0.3.1 2.10 24.97 27.07 OK
r-devel-linux-x86_64-fedora-clang 0.3.1 44.88 NOTE
r-devel-linux-x86_64-fedora-gcc 0.3.1 35.28 OK
r-devel-windows-ix86+x86_64 0.3.1 6.00 40.00 46.00 OK
r-patched-linux-x86_64 0.3.1 3.20 29.43 32.63 OK
r-patched-solaris-x86 0.3.1 54.60 OK
r-release-linux-x86_64 0.3.1 3.56 31.02 34.58 OK
r-release-macos-x86_64 0.3.1 OK
r-release-windows-ix86+x86_64 0.3.1 7.00 32.00 39.00 OK
r-oldrel-macos-x86_64 0.3.1 OK
r-oldrel-windows-ix86+x86_64 0.3.1 5.00 42.00 47.00 OK

Check Details

Version: 0.3.1
Check: Rd cross-references
Result: NOTE
    Undeclared package ‘keras’ in Rd xrefs
Flavor: r-devel-linux-x86_64-fedora-clang