CRAN Package Check Results for Package listenv

Last updated on 2021-07-26 05:55:09 CEST.

Flavor Version Tinstall Tcheck Ttotal Status Flags
r-devel-linux-x86_64-debian-clang 0.8.0 3.32 36.20 39.52 OK
r-devel-linux-x86_64-debian-gcc 0.8.0 2.02 27.88 29.90 OK
r-devel-linux-x86_64-fedora-clang 0.8.0 56.84 OK
r-devel-linux-x86_64-fedora-gcc 0.8.0 4.12 ERROR
r-devel-windows-x86_64 0.8.0 5.00 54.00 59.00 OK
r-devel-windows-x86_64-gcc10-UCRT 0.8.0 OK
r-patched-linux-x86_64 0.8.0 3.19 34.90 38.09 OK
r-patched-solaris-x86 0.8.0 69.20 OK
r-release-linux-x86_64 0.8.0 3.19 35.06 38.25 OK
r-release-macos-arm64 0.8.0 OK
r-release-macos-x86_64 0.8.0 OK
r-release-windows-ix86+x86_64 0.8.0 6.00 42.00 48.00 OK
r-oldrel-macos-x86_64 0.8.0 OK
r-oldrel-windows-ix86+x86_64 0.8.0 6.00 60.00 66.00 OK

Check Details

Version: 0.8.0
Check: whether package can be installed
Result: ERROR
    Installation failed.
Flavor: r-devel-linux-x86_64-fedora-gcc