Last updated on 2023-12-11 12:52:15 CET.
Flavor | Version | Tinstall | Tcheck | Ttotal | Status | Flags |
---|---|---|---|---|---|---|
r-devel-linux-x86_64-debian-clang | 0.9.0 | 3.03 | 37.83 | 40.86 | NOTE | |
r-devel-linux-x86_64-debian-gcc | 0.9.0 | 2.08 | 28.49 | 30.57 | NOTE | |
r-devel-linux-x86_64-fedora-clang | 0.9.0 | 52.71 | NOTE | |||
r-devel-linux-x86_64-fedora-gcc | 0.9.0 | 60.71 | NOTE | |||
r-devel-windows-x86_64 | 0.9.0 | 5.00 | 53.00 | 58.00 | NOTE | |
r-patched-linux-x86_64 | 0.9.0 | 3.40 | 37.25 | 40.65 | OK | |
r-release-linux-x86_64 | 0.9.0 | 3.42 | 37.02 | 40.44 | OK | |
r-release-macos-arm64 | 0.9.0 | 26.00 | OK | |||
r-release-macos-x86_64 | 0.9.0 | 41.00 | OK | |||
r-release-windows-x86_64 | 0.9.0 | 4.00 | 56.00 | 60.00 | OK | |
r-oldrel-macos-arm64 | 0.9.0 | 21.00 | OK | |||
r-oldrel-macos-x86_64 | 0.9.0 | 46.00 | OK | |||
r-oldrel-windows-x86_64 | 0.9.0 | 5.00 | 57.00 | 62.00 | OK |
Version: 0.9.0
Check: Rd \usage sections
Result: NOTE
Documented arguments not in \usage in Rd file 'get_variable.Rd':
‘x’ ‘name’ ‘mustExist’ ‘create’
Functions with \usage entries need to have the appropriate \alias
entries, and all their arguments documented.
The \usage entries must correspond to syntactically valid R code.
See chapter ‘Writing R documentation files’ in the ‘Writing R
Extensions’ manual.
Flavors: r-devel-linux-x86_64-debian-clang, r-devel-linux-x86_64-debian-gcc, r-devel-linux-x86_64-fedora-clang, r-devel-linux-x86_64-fedora-gcc, r-devel-windows-x86_64