Last updated on 2023-01-28 14:53:17 CET.
Flavor | Version | Tinstall | Tcheck | Ttotal | Status | Flags |
---|---|---|---|---|---|---|
r-devel-linux-x86_64-debian-clang | 0.4.1 | 6.38 | 110.08 | 116.46 | OK | |
r-devel-linux-x86_64-debian-gcc | 0.4.1 | 4.73 | 82.43 | 87.16 | OK | |
r-devel-linux-x86_64-fedora-clang | 0.4.1 | 142.43 | NOTE | |||
r-devel-linux-x86_64-fedora-gcc | 0.4.1 | 149.27 | NOTE | |||
r-devel-windows-x86_64 | 0.4.1 | 17.00 | 137.00 | 154.00 | OK | |
r-patched-linux-x86_64 | 0.4.1 | 6.32 | 108.33 | 114.65 | OK | |
r-release-linux-x86_64 | 0.4.1 | 6.32 | 105.75 | 112.07 | OK | |
r-release-macos-arm64 | 0.4.1 | 41.00 | NOTE | |||
r-release-macos-x86_64 | 0.4.1 | 95.00 | NOTE | |||
r-release-windows-x86_64 | 0.4.1 | 27.00 | 148.00 | 175.00 | OK | |
r-oldrel-macos-arm64 | 0.4.1 | 44.00 | NOTE | |||
r-oldrel-macos-x86_64 | 0.4.1 | 68.00 | NOTE | |||
r-oldrel-windows-ix86+x86_64 | 0.4.1 | 16.00 | 139.00 | 155.00 | OK |
Version: 0.4.1
Check: data for non-ASCII characters
Result: NOTE
Note: found 435 marked UTF-8 strings
Flavors: r-devel-linux-x86_64-fedora-clang, r-devel-linux-x86_64-fedora-gcc, r-release-macos-arm64, r-release-macos-x86_64, r-oldrel-macos-arm64, r-oldrel-macos-x86_64