CRAN Package Check Results for Package litRiddle

Last updated on 2022-05-26 06:55:44 CEST.

Flavor Version Tinstall Tcheck Ttotal Status Flags
r-devel-linux-x86_64-debian-clang 0.4.1 6.53 123.00 129.53 OK
r-devel-linux-x86_64-debian-gcc 0.4.1 5.54 100.61 106.15 OK
r-devel-linux-x86_64-fedora-clang 0.4.1 155.46 NOTE
r-devel-linux-x86_64-fedora-gcc 0.4.1 149.42 NOTE
r-devel-windows-x86_64 0.4.1 20.00 148.00 168.00 OK
r-patched-linux-x86_64 0.4.1 7.15 115.53 122.68 OK
r-release-linux-x86_64 0.4.1 OK
r-release-macos-arm64 0.4.1 41.00 NOTE
r-release-macos-x86_64 0.4.1 95.00 NOTE
r-release-windows-x86_64 0.4.1 23.00 144.00 167.00 OK
r-oldrel-macos-arm64 0.4.1 44.00 NOTE
r-oldrel-macos-x86_64 0.4.1 68.00 NOTE
r-oldrel-windows-ix86+x86_64 0.4.1 17.00 135.00 152.00 OK

Check Details

Version: 0.4.1
Check: data for non-ASCII characters
Result: NOTE
     Note: found 435 marked UTF-8 strings
Flavors: r-devel-linux-x86_64-fedora-clang, r-devel-linux-x86_64-fedora-gcc, r-release-macos-arm64, r-release-macos-x86_64, r-oldrel-macos-arm64, r-oldrel-macos-x86_64