CRAN Package Check Results for Package litRiddle

Last updated on 2023-12-05 20:49:35 CET.

Flavor Version Tinstall Tcheck Ttotal Status Flags
r-devel-linux-x86_64-debian-clang 1.0.0 5.52 129.22 134.74 OK
r-devel-linux-x86_64-debian-gcc 1.0.0 5.17 94.83 100.00 OK
r-devel-linux-x86_64-fedora-clang 1.0.0 167.44 NOTE
r-devel-linux-x86_64-fedora-gcc 1.0.0 177.09 NOTE
r-devel-windows-x86_64 1.0.0 7.00 124.00 131.00 OK
r-patched-linux-x86_64 1.0.0 4.84 123.06 127.90 OK
r-release-linux-x86_64 1.0.0 4.85 121.84 126.69 OK
r-release-macos-arm64 1.0.0 56.00 OK
r-release-macos-x86_64 1.0.0 83.00 OK
r-release-windows-x86_64 1.0.0 8.00 141.00 149.00 OK
r-oldrel-macos-arm64 1.0.0 57.00 OK
r-oldrel-macos-x86_64 1.0.0 81.00 OK
r-oldrel-windows-x86_64 1.0.0 9.00 147.00 156.00 OK

Check Details

Version: 1.0.0
Check: data for non-ASCII characters
Result: NOTE Note: found 888 marked UTF-8 strings Flavors: r-devel-linux-x86_64-fedora-clang, r-devel-linux-x86_64-fedora-gcc