Last updated on 2023-09-27 06:02:12 CEST.
Flavor | Version | Tinstall | Tcheck | Ttotal | Status | Flags |
---|---|---|---|---|---|---|
r-devel-linux-x86_64-debian-clang | 1.1.2 | 2.59 | 34.20 | 36.79 | NOTE | |
r-devel-linux-x86_64-debian-gcc | 1.1.2 | 2.54 | 26.01 | 28.55 | NOTE | |
r-devel-linux-x86_64-fedora-clang | 1.1.2 | 46.32 | NOTE | |||
r-devel-linux-x86_64-fedora-gcc | 1.1.2 | 44.84 | NOTE | |||
r-devel-windows-x86_64 | 1.1.2 | 4.00 | 50.00 | 54.00 | NOTE | |
r-patched-linux-x86_64 | 1.1.2 | 2.98 | 33.61 | 36.59 | NOTE | |
r-release-linux-x86_64 | 1.1.2 | 2.70 | 33.38 | 36.08 | NOTE | |
r-release-macos-arm64 | 1.1.2 | 18.00 | NOTE | |||
r-release-macos-x86_64 | 1.1.2 | 26.00 | NOTE | |||
r-release-windows-x86_64 | 1.1.2 | 3.00 | 57.00 | 60.00 | NOTE | |
r-oldrel-macos-arm64 | 1.1.2 | 19.00 | OK | |||
r-oldrel-macos-x86_64 | 1.1.2 | 24.00 | OK | |||
r-oldrel-windows-x86_64 | 1.1.2 | 10.00 | 58.00 | 68.00 | OK |
Version: 1.1.2
Check: Rd files
Result: NOTE
checkRd: (-1) lstats.liu.Rd:41: Escaped LaTeX specials: \&
Flavors: r-devel-linux-x86_64-debian-clang, r-devel-linux-x86_64-debian-gcc, r-devel-linux-x86_64-fedora-clang, r-devel-linux-x86_64-fedora-gcc, r-devel-windows-x86_64, r-patched-linux-x86_64, r-release-linux-x86_64, r-release-macos-arm64, r-release-macos-x86_64, r-release-windows-x86_64