CRAN Package Check Results for Package live

Last updated on 2019-02-16 22:46:31 CET.

Flavor Version Tinstall Tcheck Ttotal Status Flags
r-devel-linux-x86_64-debian-clang 1.5.9 6.58 106.53 113.11 OK
r-devel-linux-x86_64-debian-gcc 1.5.9 6.05 78.95 85.00 OK
r-devel-linux-x86_64-fedora-clang 1.5.9 137.23 NOTE
r-devel-linux-x86_64-fedora-gcc 1.5.9 120.22 NOTE
r-devel-windows-ix86+x86_64 1.5.9 17.00 155.00 172.00 OK
r-patched-linux-x86_64 1.5.9 6.07 94.89 100.96 OK
r-patched-solaris-x86 1.5.9 212.00 NOTE
r-release-linux-x86_64 1.5.9 OK
r-release-windows-ix86+x86_64 1.5.9 14.00 114.00 128.00 OK
r-release-osx-x86_64 1.5.9 NOTE
r-oldrel-windows-ix86+x86_64 1.5.9 18.00 176.00 194.00 OK
r-oldrel-osx-x86_64 1.5.9 NOTE

Check Details

Version: 1.5.9
Check: dependencies in R code
Result: NOTE
    Namespaces in Imports field not imported from:
     ‘e1071’ ‘lubridate’
     All declared Imports should be used.
Flavors: r-devel-linux-x86_64-fedora-clang, r-devel-linux-x86_64-fedora-gcc, r-patched-solaris-x86, r-release-osx-x86_64, r-oldrel-osx-x86_64