CRAN Package Check Results for Package live

Last updated on 2018-12-12 22:55:23 CET.

Flavor Version Tinstall Tcheck Ttotal Status Flags
r-devel-linux-x86_64-debian-clang 1.5.9 6.98 98.48 105.46 OK
r-devel-linux-x86_64-debian-gcc 1.5.9 5.77 77.03 82.80 OK
r-devel-linux-x86_64-fedora-clang 1.5.9 125.67 NOTE
r-devel-linux-x86_64-fedora-gcc 1.5.9 119.41 NOTE
r-devel-windows-ix86+x86_64 1.5.9 20.00 121.00 141.00 OK
r-patched-linux-x86_64 1.5.9 4.17 93.38 97.55 OK
r-patched-solaris-x86 1.5.9 189.20 NOTE
r-release-linux-x86_64 1.5.9 5.27 92.94 98.21 OK
r-release-windows-ix86+x86_64 1.5.9 10.00 112.00 122.00 OK
r-release-osx-x86_64 1.5.9 NOTE
r-oldrel-windows-ix86+x86_64 1.5.9 12.00 138.00 150.00 OK
r-oldrel-osx-x86_64 1.5.9 NOTE

Check Details

Version: 1.5.9
Check: dependencies in R code
Result: NOTE
    Namespaces in Imports field not imported from:
     ‘e1071’ ‘lubridate’
     All declared Imports should be used.
Flavors: r-devel-linux-x86_64-fedora-clang, r-devel-linux-x86_64-fedora-gcc, r-patched-solaris-x86, r-release-osx-x86_64, r-oldrel-osx-x86_64