CRAN Package Check Results for Package liver

Last updated on 2022-12-03 00:50:25 CET.

Flavor Version Tinstall Tcheck Ttotal Status Flags
r-devel-linux-x86_64-debian-clang 1.13 3.40 51.12 54.52 OK
r-devel-linux-x86_64-debian-gcc 1.13 2.65 38.98 41.63 OK
r-devel-linux-x86_64-fedora-clang 1.13 78.05 NOTE
r-devel-linux-x86_64-fedora-gcc 1.13 79.44 NOTE
r-devel-windows-x86_64 1.13 12.00 91.00 103.00 OK
r-patched-linux-x86_64 1.13 4.20 47.53 51.73 OK
r-release-linux-x86_64 1.13 2.73 47.84 50.57 OK
r-release-macos-arm64 1.13 27.00 NOTE
r-release-macos-x86_64 1.13 38.00 NOTE
r-release-windows-x86_64 1.13 26.00 94.00 120.00 OK
r-oldrel-macos-arm64 1.13 30.00 NOTE
r-oldrel-macos-x86_64 1.13 36.00 NOTE
r-oldrel-windows-ix86+x86_64 1.13 8.00 75.00 83.00 OK

Check Details

Version: 1.13
Check: data for non-ASCII characters
Result: NOTE
     Note: found 266 marked UTF-8 strings
Flavors: r-devel-linux-x86_64-fedora-clang, r-devel-linux-x86_64-fedora-gcc, r-release-macos-arm64, r-release-macos-x86_64, r-oldrel-macos-arm64, r-oldrel-macos-x86_64