CRAN Package Check Results for Package lm.beta

Last updated on 2020-10-23 01:48:57 CEST.

Flavor Version Tinstall Tcheck Ttotal Status Flags
r-devel-linux-x86_64-debian-clang 1.5-1 1.94 18.85 20.79 NOTE
r-devel-linux-x86_64-debian-gcc 1.5-1 1.46 15.13 16.59 NOTE
r-devel-linux-x86_64-fedora-clang 1.5-1 33.97 NOTE
r-devel-linux-x86_64-fedora-gcc 1.5-1 24.83 NOTE
r-devel-windows-ix86+x86_64 1.5-1 3.00 33.00 36.00 NOTE
r-patched-linux-x86_64 1.5-1 1.65 18.17 19.82 NOTE
r-patched-solaris-x86 1.5-1 38.70 NOTE
r-release-linux-x86_64 1.5-1 1.88 18.23 20.11 NOTE
r-release-macos-x86_64 1.5-1 NOTE
r-release-windows-ix86+x86_64 1.5-1 4.00 25.00 29.00 NOTE
r-oldrel-macos-x86_64 1.5-1 NOTE
r-oldrel-windows-ix86+x86_64 1.5-1 4.00 34.00 38.00 NOTE

Check Details

Version: 1.5-1
Check: R code for possible problems
Result: NOTE
    lm.beta: no visible global function definition for 'coef'
    lm.beta: no visible global function definition for 'model.matrix'
    lm.beta: no visible global function definition for 'model.frame'
    Undefined global functions or variables:
     coef model.frame model.matrix
    Consider adding
     importFrom("stats", "coef", "model.frame", "model.matrix")
    to your NAMESPACE file.
Flavors: r-devel-linux-x86_64-debian-clang, r-devel-linux-x86_64-debian-gcc, r-devel-linux-x86_64-fedora-clang, r-devel-linux-x86_64-fedora-gcc, r-devel-windows-ix86+x86_64, r-patched-linux-x86_64, r-patched-solaris-x86, r-release-linux-x86_64, r-release-macos-x86_64, r-release-windows-ix86+x86_64, r-oldrel-macos-x86_64, r-oldrel-windows-ix86+x86_64