CRAN Package Check Results for Package lm.br

Last updated on 2019-08-22 09:47:51 CEST.

Flavor Version Tinstall Tcheck Ttotal Status Flags
r-devel-linux-x86_64-debian-clang 2.9.3 175.03 63.85 238.88 OK
r-devel-linux-x86_64-debian-gcc 2.9.3 113.13 45.98 159.11 OK
r-devel-linux-x86_64-fedora-clang 2.9.3 379.51 NOTE
r-devel-linux-x86_64-fedora-gcc 2.9.3 320.04 OK
r-devel-windows-ix86+x86_64 2.9.3 421.00 149.00 570.00 OK
r-patched-linux-x86_64 2.9.3 134.65 61.20 195.85 OK
r-patched-solaris-x86 2.9.3 306.10 OK
r-release-linux-x86_64 2.9.3 133.90 61.26 195.16 OK
r-release-windows-ix86+x86_64 2.9.3 434.00 155.00 589.00 OK
r-release-osx-x86_64 2.9.3 OK
r-oldrel-windows-ix86+x86_64 2.9.3 451.00 138.00 589.00 OK
r-oldrel-osx-x86_64 2.9.3 OK

Check Details

Version: 2.9.3
Check: installed package size
Result: NOTE
     installed size is 5.3Mb
     sub-directories of 1Mb or more:
     libs 5.0Mb
Flavor: r-devel-linux-x86_64-fedora-clang