CRAN Package Check Results for Package lm.br

Last updated on 2019-12-15 18:50:10 CET.

Flavor Version Tinstall Tcheck Ttotal Status Flags
r-devel-linux-x86_64-debian-clang 2.9.3 213.39 64.17 277.56 OK
r-devel-linux-x86_64-debian-gcc 2.9.3 121.48 45.78 167.26 OK
r-devel-linux-x86_64-fedora-clang 2.9.3 384.45 NOTE
r-devel-linux-x86_64-fedora-gcc 2.9.3 317.34 OK
r-devel-windows-ix86+x86_64 2.9.3 397.00 146.00 543.00 OK
r-devel-windows-ix86+x86_64-gcc8 2.9.3 411.00 147.00 558.00 OK
r-patched-linux-x86_64 2.9.3 134.59 58.80 193.39 OK
r-patched-solaris-x86 2.9.3 298.80 OK
r-release-linux-x86_64 2.9.3 136.68 58.98 195.66 OK
r-release-windows-ix86+x86_64 2.9.3 331.00 111.00 442.00 OK
r-release-osx-x86_64 2.9.3 OK
r-oldrel-windows-ix86+x86_64 2.9.3 306.00 109.00 415.00 OK
r-oldrel-osx-x86_64 2.9.3 OK

Check Details

Version: 2.9.3
Check: installed package size
Result: NOTE
     installed size is 5.3Mb
     sub-directories of 1Mb or more:
     libs 5.0Mb
Flavor: r-devel-linux-x86_64-fedora-clang