CRAN Package Check Results for Package lme4

Last updated on 2022-09-30 16:51:09 CEST.

Flavor Version Tinstall Tcheck Ttotal Status Flags
r-devel-linux-x86_64-debian-clang 1.1-30 111.19 594.55 705.74 OK
r-devel-linux-x86_64-debian-gcc 1.1-30 86.82 436.15 522.97 OK
r-devel-linux-x86_64-fedora-clang 1.1-30 869.38 NOTE
r-devel-linux-x86_64-fedora-gcc 1.1-30 864.99 OK
r-devel-windows-x86_64 1.1-30 195.00 548.00 743.00 NOTE
r-patched-linux-x86_64 1.1-30 79.76 556.08 635.84 OK
r-release-linux-x86_64 1.1-30 70.97 549.22 620.19 OK
r-release-macos-arm64 1.1-30 214.00 NOTE
r-release-macos-x86_64 1.1-30 308.00 NOTE
r-release-windows-x86_64 1.1-30 136.00 573.00 709.00 NOTE
r-oldrel-macos-arm64 1.1-30 202.00 NOTE
r-oldrel-macos-x86_64 1.1-30 301.00 NOTE
r-oldrel-windows-ix86+x86_64 1.1-30 233.00 733.00 966.00 NOTE

Check Details

Version: 1.1-30
Check: installed package size
Result: NOTE
     installed size is 6.4Mb
     sub-directories of 1Mb or more:
     R 1.5Mb
     doc 2.0Mb
     testdata 1.3Mb
Flavors: r-devel-linux-x86_64-fedora-clang, r-devel-windows-x86_64, r-release-macos-arm64, r-release-macos-x86_64, r-release-windows-x86_64, r-oldrel-macos-arm64, r-oldrel-macos-x86_64, r-oldrel-windows-ix86+x86_64