Last updated on 2022-06-25 02:52:20 CEST.
Flavor | Version | Tinstall | Tcheck | Ttotal | Status | Flags |
---|---|---|---|---|---|---|
r-devel-linux-x86_64-debian-clang | 1.1-29 | 100.71 | 605.49 | 706.20 | NOTE | |
r-devel-linux-x86_64-debian-gcc | 1.1-29 | 86.13 | 449.17 | 535.30 | NOTE | |
r-devel-linux-x86_64-fedora-clang | 1.1-29 | 875.10 | NOTE | |||
r-devel-linux-x86_64-fedora-gcc | 1.1-29 | 839.58 | NOTE | |||
r-devel-windows-x86_64 | 1.1-29 | 142.00 | 579.00 | 721.00 | NOTE | |
r-patched-linux-x86_64 | 1.1-29 | 98.23 | 574.32 | 672.55 | NOTE | |
r-release-linux-x86_64 | 1.1-29 | 79.97 | 575.84 | 655.81 | NOTE | |
r-release-macos-arm64 | 1.1-29 | 170.00 | NOTE | |||
r-release-macos-x86_64 | 1.1-29 | 420.00 | NOTE | |||
r-release-windows-x86_64 | 1.1-29 | 146.00 | 582.00 | 728.00 | NOTE | |
r-oldrel-macos-arm64 | 1.1-29 | 172.00 | NOTE | |||
r-oldrel-macos-x86_64 | 1.1-29 | 316.00 | NOTE | |||
r-oldrel-windows-ix86+x86_64 | 1.1-29 | 235.00 | 770.00 | 1005.00 | NOTE |
Version: 1.1-29
Check: Rd files
Result: NOTE
checkRd: (-1) cake.Rd:39: Escaped LaTeX specials: \&
Flavors: r-devel-linux-x86_64-debian-clang, r-devel-linux-x86_64-debian-gcc, r-devel-linux-x86_64-fedora-clang, r-devel-linux-x86_64-fedora-gcc, r-devel-windows-x86_64
Version: 1.1-29
Check: package dependencies
Result: NOTE
Package suggested but not available for checking: ‘PKPDmodels’
Flavors: r-devel-linux-x86_64-debian-gcc, r-devel-linux-x86_64-fedora-gcc, r-patched-linux-x86_64, r-release-linux-x86_64
Version: 1.1-29
Check: installed package size
Result: NOTE
installed size is 24.2Mb
sub-directories of 1Mb or more:
R 1.5Mb
doc 2.0Mb
libs 18.5Mb
testdata 1.3Mb
Flavors: r-devel-linux-x86_64-fedora-clang, r-devel-windows-x86_64, r-release-macos-arm64, r-release-macos-x86_64, r-release-windows-x86_64, r-oldrel-macos-arm64, r-oldrel-macos-x86_64, r-oldrel-windows-ix86+x86_64