Last updated on 2023-01-26 21:50:51 CET.
Flavor | Version | Tinstall | Tcheck | Ttotal | Status | Flags |
---|---|---|---|---|---|---|
r-devel-linux-x86_64-debian-clang | 1.1-31 | 106.33 | 598.64 | 704.97 | OK | |
r-devel-linux-x86_64-debian-gcc | 1.1-31 | 84.49 | 434.45 | 518.94 | OK | |
r-devel-linux-x86_64-fedora-clang | 1.1-31 | 833.15 | NOTE | |||
r-devel-linux-x86_64-fedora-gcc | 1.1-31 | 870.23 | OK | |||
r-devel-windows-x86_64 | 1.1-31 | 165.00 | 547.00 | 712.00 | NOTE | |
r-patched-linux-x86_64 | 1.1-31 | 100.14 | 566.30 | 666.44 | OK | |
r-release-linux-x86_64 | 1.1-31 | 82.91 | 562.39 | 645.30 | OK | |
r-release-macos-arm64 | 1.1-31 | 158.00 | NOTE | |||
r-release-macos-x86_64 | 1.1-31 | 302.00 | NOTE | |||
r-release-windows-x86_64 | 1.1-31 | 145.00 | 567.00 | 712.00 | NOTE | |
r-oldrel-macos-arm64 | 1.1-31 | 161.00 | NOTE | |||
r-oldrel-macos-x86_64 | 1.1-31 | 298.00 | NOTE | |||
r-oldrel-windows-ix86+x86_64 | 1.1-31 | 236.00 | 737.00 | 973.00 | NOTE |
Version: 1.1-31
Check: installed package size
Result: NOTE
installed size is 6.0Mb
sub-directories of 1Mb or more:
R 1.5Mb
doc 1.6Mb
testdata 1.3Mb
Flavors: r-devel-linux-x86_64-fedora-clang, r-devel-windows-x86_64, r-release-macos-arm64, r-release-macos-x86_64, r-release-windows-x86_64, r-oldrel-macos-arm64, r-oldrel-macos-x86_64, r-oldrel-windows-ix86+x86_64