CRAN Package Check Results for Package lmeSplines

Last updated on 2020-09-19 10:48:08 CEST.

Flavor Version Tinstall Tcheck Ttotal Status Flags
r-devel-linux-x86_64-debian-clang 1.1-10 2.36 23.09 25.45 NOTE
r-devel-linux-x86_64-debian-gcc 1.1-10 1.79 18.23 20.02 NOTE
r-devel-linux-x86_64-fedora-clang 1.1-10 40.33 NOTE
r-devel-linux-x86_64-fedora-gcc 1.1-10 30.65 NOTE
r-devel-windows-ix86+x86_64 1.1-10 5.00 45.00 50.00 NOTE
r-patched-linux-x86_64 1.1-10 2.22 22.88 25.10 NOTE
r-patched-solaris-x86 1.1-10 47.50 NOTE
r-release-linux-x86_64 1.1-10 2.10 22.64 24.74 NOTE
r-release-macos-x86_64 1.1-10 NOTE
r-release-windows-ix86+x86_64 1.1-10 6.00 34.00 40.00 NOTE
r-oldrel-macos-x86_64 1.1-10 NOTE
r-oldrel-windows-ix86+x86_64 1.1-10 3.00 38.00 41.00 NOTE

Check Details

Version: 1.1-10
Check: DESCRIPTION meta-information
Result: NOTE
    Malformed Title field: should not end in a period.
    Malformed Description field: should contain one or more complete sentences.
Flavors: r-devel-linux-x86_64-debian-clang, r-devel-linux-x86_64-debian-gcc, r-devel-linux-x86_64-fedora-clang, r-devel-linux-x86_64-fedora-gcc, r-devel-windows-ix86+x86_64, r-patched-linux-x86_64, r-patched-solaris-x86, r-release-linux-x86_64, r-release-macos-x86_64, r-release-windows-ix86+x86_64, r-oldrel-macos-x86_64, r-oldrel-windows-ix86+x86_64

Version: 1.1-10
Check: dependencies in R code
Result: NOTE
    Package in Depends field not imported from: 'nlme'
     These packages need to be imported from (in the NAMESPACE file)
     for when this namespace is loaded but not attached.
Flavors: r-devel-linux-x86_64-debian-clang, r-devel-linux-x86_64-debian-gcc, r-devel-linux-x86_64-fedora-clang, r-devel-linux-x86_64-fedora-gcc, r-devel-windows-ix86+x86_64, r-patched-linux-x86_64, r-patched-solaris-x86, r-release-linux-x86_64, r-release-macos-x86_64, r-release-windows-ix86+x86_64, r-oldrel-macos-x86_64, r-oldrel-windows-ix86+x86_64

Version: 1.1-10
Check: R code for possible problems
Result: NOTE
    approx.Z : <anonymous>: no visible global function definition for
     'approx'
    smspline: no visible global function definition for 'model.frame'
    Undefined global functions or variables:
     approx model.frame
    Consider adding
     importFrom("stats", "approx", "model.frame")
    to your NAMESPACE file.
Flavors: r-devel-linux-x86_64-debian-clang, r-devel-linux-x86_64-debian-gcc, r-devel-linux-x86_64-fedora-clang, r-devel-linux-x86_64-fedora-gcc, r-devel-windows-ix86+x86_64, r-patched-linux-x86_64, r-patched-solaris-x86, r-release-linux-x86_64, r-release-macos-x86_64, r-release-windows-ix86+x86_64, r-oldrel-macos-x86_64, r-oldrel-windows-ix86+x86_64