CRAN Package Check Results for Package lmenssp

Last updated on 2019-08-24 11:46:51 CEST.

Flavor Version Tinstall Tcheck Ttotal Status Flags
r-devel-linux-x86_64-debian-clang 1.2 18.83 94.26 113.09 OK
r-devel-linux-x86_64-debian-gcc 1.2 14.59 72.82 87.41 OK
r-devel-linux-x86_64-fedora-clang 1.2 134.65 OK
r-devel-linux-x86_64-fedora-gcc 1.2 135.20 OK
r-devel-windows-ix86+x86_64 1.2 22.00 97.00 119.00 OK
r-patched-linux-x86_64 1.2 18.21 93.43 111.64 OK
r-patched-solaris-x86 1.2 209.30 OK
r-release-linux-x86_64 1.2 18.06 94.30 112.36 OK
r-release-windows-ix86+x86_64 1.2 25.00 128.00 153.00 OK
r-release-osx-x86_64 1.2 FAIL
r-oldrel-windows-ix86+x86_64 1.2 19.00 122.00 141.00 OK
r-oldrel-osx-x86_64 1.2 OK

Check Details

Version: 1.2
Check: whether package can be installed
Result: FAIL
    
Flavor: r-release-osx-x86_64