CRAN Package Check Results for Package lmenssp

Last updated on 2020-01-21 09:48:55 CET.

Flavor Version Tinstall Tcheck Ttotal Status Flags
r-devel-linux-x86_64-debian-clang 1.2 20.74 104.32 125.06 OK
r-devel-linux-x86_64-debian-gcc 1.2 14.91 77.43 92.34 OK
r-devel-linux-x86_64-fedora-clang 1.2 148.84 WARN
r-devel-linux-x86_64-fedora-gcc 1.2 143.46 OK
r-devel-windows-ix86+x86_64 1.2 32.00 106.00 138.00 OK
r-devel-windows-ix86+x86_64-gcc8 1.2 24.00 150.00 174.00 OK
r-patched-linux-x86_64 1.2 17.10 94.10 111.20 OK
r-patched-solaris-x86 1.2 200.40 OK
r-release-linux-x86_64 1.2 16.98 92.96 109.94 OK
r-release-windows-ix86+x86_64 1.2 21.00 127.00 148.00 OK
r-release-osx-x86_64 1.2 FAIL
r-oldrel-windows-ix86+x86_64 1.2 15.00 126.00 141.00 OK
r-oldrel-osx-x86_64 1.2 OK

Check Details

Version: 1.2
Check: package dependencies
Result: WARN
    Requires orphaned package: ‘geoR’
Flavor: r-devel-linux-x86_64-fedora-clang

Version: 1.2
Check: whether package can be installed
Result: FAIL
Flavor: r-release-osx-x86_64