CRAN Package Check Results for Package lmeresampler

Last updated on 2020-10-21 06:48:22 CEST.

Flavor Version Tinstall Tcheck Ttotal Status Flags
r-devel-linux-x86_64-debian-clang 0.1.1 8.72 85.42 94.14 OK
r-devel-linux-x86_64-debian-gcc 0.1.1 7.99 63.57 71.56 OK
r-devel-linux-x86_64-fedora-clang 0.1.1 118.57 NOTE
r-devel-linux-x86_64-fedora-gcc 0.1.1 108.75 NOTE
r-devel-windows-ix86+x86_64 0.1.1 16.00 73.00 89.00 OK
r-patched-linux-x86_64 0.1.1 7.63 77.07 84.70 OK
r-patched-solaris-x86 0.1.1 158.70 NOTE
r-release-linux-x86_64 0.1.1 9.71 76.49 86.20 OK
r-release-macos-x86_64 0.1.1 NOTE
r-release-windows-ix86+x86_64 0.1.1 19.00 78.00 97.00 OK
r-oldrel-macos-x86_64 0.1.1 NOTE
r-oldrel-windows-ix86+x86_64 0.1.1 15.00 88.00 103.00 OK

Check Details

Version: 0.1.1
Check: dependencies in R code
Result: NOTE
    Namespace in Imports field not imported from: ‘boot’
     All declared Imports should be used.
Flavors: r-devel-linux-x86_64-fedora-clang, r-devel-linux-x86_64-fedora-gcc, r-patched-solaris-x86, r-release-macos-x86_64, r-oldrel-macos-x86_64