CRAN Package Check Results for Package lmfor

Last updated on 2022-01-18 17:46:14 CET.

Flavor Version Tinstall Tcheck Ttotal Status Flags
r-devel-linux-x86_64-debian-clang 1.5 12.04 118.49 130.53 NOTE
r-devel-linux-x86_64-debian-gcc 1.5 10.84 92.10 102.94 NOTE
r-devel-linux-x86_64-fedora-clang 1.5 161.46 NOTE
r-devel-linux-x86_64-fedora-gcc 1.5 149.04 NOTE
r-devel-windows-x86_64-new-UL 1.5 50.00 153.00 203.00 NOTE
r-devel-windows-x86_64-new-TK 1.5 ERROR
r-patched-linux-x86_64 1.5 11.00 115.43 126.43 NOTE
r-release-linux-x86_64 1.5 NOTE
r-release-macos-arm64 1.5 NOTE
r-release-macos-x86_64 1.5 NOTE
r-release-windows-ix86+x86_64 1.5 25.00 145.00 170.00 NOTE
r-oldrel-macos-x86_64 1.5 OK
r-oldrel-windows-ix86+x86_64 1.5 25.00 144.00 169.00 NOTE

Check Details

Version: 1.5
Check: R code for possible problems
Result: NOTE
    HTest: no visible global function definition for 'is.owin'
    HTest: no visible global function definition for 'inside.owin'
    HTest: no visible global function definition for 'area.owin'
    HTest: no visible global function definition for 'union.owin'
    HTest: no visible global function definition for 'intersect.owin'
    HTest: no visible global function definition for 'erosion.owin'
    HTest: no visible global function definition for 'dilation.owin'
    area_esh: no visible global function definition for 'area.owin'
    detectability_cps: no visible global function definition for 'disc'
    detectability_cps: no visible global function definition for
     'intersect.owin'
    detectability_cps: no visible global function definition for 'edges'
    detectability_cps: no visible global function definition for
     'lengths.psp'
    detectability_cps: no visible global function definition for
     'union.owin'
    detectability_cps: no visible global function definition for 'erosion'
    detectability_cps: no visible global function definition for 'dilation'
    gg_wind: no visible global function definition for 'disc'
    gg_wind: no visible global function definition for 'union.owin'
    shades: no visible global function definition for 'owin'
    shades: no visible global function definition for 'union.owin'
    shades: no visible global function definition for 'disc'
    visibility_thinning_cps: no visible global function definition for
     'disc'
    visibility_thinning_cps: no visible global function definition for
     'intersect.owin'
    visibility_thinning_cps: no visible global function definition for
     'inside.owin'
    visibility_thinning_cps: no visible global function definition for
     'union.owin'
    visibility_thinning_cps: no visible global function definition for
     'erosion'
    visibility_thinning_cps: no visible global function definition for
     'dilation'
    Undefined global functions or variables:
     area.owin dilation dilation.owin disc edges erosion erosion.owin
     inside.owin intersect.owin is.owin lengths.psp owin union.owin
Flavors: r-devel-linux-x86_64-debian-clang, r-devel-linux-x86_64-debian-gcc, r-devel-linux-x86_64-fedora-clang, r-devel-linux-x86_64-fedora-gcc, r-devel-windows-x86_64-new-UL, r-devel-windows-x86_64-new-TK, r-patched-linux-x86_64, r-release-linux-x86_64, r-release-macos-arm64, r-release-macos-x86_64, r-release-windows-ix86+x86_64, r-oldrel-windows-ix86+x86_64

Version: 1.5
Check: package dependencies
Result: NOTE
    Package suggested but not available for checking: 'lme4'
Flavor: r-devel-windows-x86_64-new-TK

Version: 1.5
Check: examples
Result: ERROR
    Running examples in 'lmfor-Ex.R' failed
    The error most likely occurred in:
    
    > ### Name: plants
    > ### Title: Sapling counts from sample plots of sapling stands in Finland.
    > ### Aliases: plants
    > ### Keywords: datasets
    >
    > ### ** Examples
    >
    > data(plants)
    > library(lme4)
    Error in library(lme4) : there is no package called 'lme4'
    Execution halted
Flavor: r-devel-windows-x86_64-new-TK