CRAN Package Check Results for Package lmomco

Last updated on 2019-03-23 23:53:52 CET.

Flavor Version Tinstall Tcheck Ttotal Status Flags
r-devel-linux-x86_64-debian-clang 2.3.2 22.72 144.56 167.28 OK
r-devel-linux-x86_64-debian-gcc 2.3.2 19.02 111.99 131.01 OK
r-devel-linux-x86_64-fedora-clang 2.3.2 199.66 OK
r-devel-linux-x86_64-fedora-gcc 2.3.2 189.52 OK
r-devel-windows-ix86+x86_64 2.3.2 55.00 199.00 254.00 OK
r-patched-linux-x86_64 2.3.2 21.65 130.50 152.15 OK
r-patched-solaris-x86 2.3.2 217.30 OK
r-release-linux-x86_64 2.3.2 1.11 8.01 9.12 ERROR
r-release-windows-ix86+x86_64 2.3.2 35.00 149.00 184.00 OK
r-release-osx-x86_64 2.3.2 OK
r-oldrel-windows-ix86+x86_64 2.3.2 19.00 223.00 242.00 OK
r-oldrel-osx-x86_64 2.3.2 OK

Check Details

Version: 2.3.2
Check: whether package can be installed
Result: ERROR
    Installation failed.
Flavor: r-release-linux-x86_64